{"id":2046,"date":"2019-04-24T19:40:03","date_gmt":"2019-04-24T19:40:03","guid":{"rendered":"http:\/\/intra.ucf.edu.cu\/?page_id=2046"},"modified":"2019-04-24T19:41:01","modified_gmt":"2019-04-24T19:41:01","slug":"licenciatura-en-economia","status":"publish","type":"page","link":"https:\/\/www.ucf.edu.cu\/?page_id=2046","title":{"rendered":"Licenciatura en Econom\u00eda"},"content":{"rendered":"\t\t<div data-elementor-type=\"wp-page\" data-elementor-id=\"2046\" class=\"elementor elementor-2046\">\n\t\t\t\t\t\t<section class=\"elementor-section elementor-top-section elementor-element elementor-element-515c8bd elementor-section-boxed elementor-section-height-default elementor-section-height-default\" data-id=\"515c8bd\" data-element_type=\"section\" data-e-type=\"section\">\n\t\t\t\t\t\t<div class=\"elementor-container elementor-column-gap-default\">\n\t\t\t\t\t<div class=\"elementor-column elementor-col-100 elementor-top-column elementor-element elementor-element-b9b01d3\" data-id=\"b9b01d3\" data-element_type=\"column\" data-e-type=\"column\">\n\t\t\t<div class=\"elementor-widget-wrap elementor-element-populated\">\n\t\t\t\t\t\t<div class=\"elementor-element elementor-element-784db29 elementor-widget elementor-widget-text-editor\" data-id=\"784db29\" data-element_type=\"widget\" data-e-type=\"widget\" data-widget_type=\"text-editor.default\">\n\t\t\t\t<div class=\"elementor-widget-container\">\n\t\t\t\t\t\t\t\t\t<p><strong>Objeto de trabajo<\/strong><\/p><p>El Licenciado en Econom\u00eda tiene como objeto y centro de an\u00e1lisis el proceso de construcci\u00f3n de las Relaciones Sociales de Producci\u00f3n Socialistas y la reproducci\u00f3n del sujeto social.<\/p><p>El problema profesional fundamental del economista se traduce en la soluci\u00f3n continua del uso eficiente de los recursos para el proceso de desarrollo de la sociedad socialista. La investigaci\u00f3n de los procesos econ\u00f3micos exige del profesional el estudio de las condiciones en que las relaciones sociales de producci\u00f3n se verifican, y la constante retroalimentaci\u00f3n entre teor\u00eda y pr\u00e1ctica para tributar a la consolidaci\u00f3n del referente te\u00f3rico del proyecto socialista cubano.\u00a0<\/p><p><strong>Modo de actuaci\u00f3n<\/strong><\/p><p>El Licenciado en Econom\u00eda, para resolver los problemas de la profesi\u00f3n, requiere de la investigaci\u00f3n cient\u00edfica. Este modo de actuaci\u00f3n no se limita a los profesionales que desarrollen su trabajo en centros de investigaci\u00f3n. Los economistas que act\u00faen en los organismos de la administraci\u00f3n central del estado y sus dependencias territoriales y en el sistema empresarial deben realizar tareas vinculadas a investigaciones como forma de transformaci\u00f3n de la sociedad, relacionadas con la b\u00fasqueda de alternativas y el perfeccionamiento del modelo de desarrollo socialista.<\/p><p>As\u00ed mismo, debe vincularse a actividades relacionadas con el desarrollo de investigaciones en el campo de la teor\u00eda econ\u00f3mica. En la actividad investigativa debe propiciar el trabajo en grupo y la transdisciplinariedad en el estudio y evaluaci\u00f3n de alternativas y defender los principios en los que se erige la sociedad, los valores patri\u00f3ticos, morales y su historia.<\/p><p>El trabajo del economista abarca diferentes dimensiones: empresarial, territorial, ramal y nacional.<\/p><p>En el proceso de construcci\u00f3n creadora de la sociedad, el economista es un profesional que en su ejercicio debe atender a los principios de la \u00e9tica y velar por la veracidad y discrecionalidad de la informaci\u00f3n, la protecci\u00f3n, uso eficiente y control de los recursos, la honestidad en los argumentos, y una adecuada capacidad anal\u00edtica y cr\u00edtica.<\/p><p><strong>Esferas de actuaci\u00f3n<\/strong><\/p><p>Las esferas de actuaci\u00f3n en que se define el Licenciado en Econom\u00eda son:<\/p><ul><li>Organismos de la Administraci\u00f3n Central del Estado y sus dependencias territoriales.<\/li><li>\u00d3rganos locales del Gobierno.<\/li><li>Organismos Ramales y sus dependencias territoriales.<\/li><li>Organizaciones Superiores del Sistema Empresarial.<\/li><li>Empresas y Unidades Presupuestadas.<\/li><li>Docencia en diferentes esferas de ense\u00f1anza.<\/li><\/ul>\t\t\t\t\t\t\t\t<\/div>\n\t\t\t\t<\/div>\n\t\t\t\t\t<\/div>\n\t\t<\/div>\n\t\t\t\t\t<\/div>\n\t\t<\/section>\n\t\t\t\t<\/div>\n\t\t","protected":false},"excerpt":{"rendered":"<p>Objeto de trabajo El Licenciado en Econom\u00eda tiene como objeto y centro de an\u00e1lisis el proceso de construcci\u00f3n de las Relaciones Sociales de Producci\u00f3n Socialistas y la reproducci\u00f3n del sujeto social. El<a class=\"moretag\" href=\"https:\/\/www.ucf.edu.cu\/?page_id=2046\">Leer m\u00e1s&#8230;<\/a><\/p>\n","protected":false},"author":6,"featured_media":0,"parent":0,"menu_order":0,"comment_status":"closed","ping_status":"closed","template":"page-intra.php","meta":{"footnotes":""},"class_list":["post-2046","page","type-page","status-publish","hentry"],"yoast_head":"<!-- This site is optimized with the Yoast SEO plugin v27.3 - https:\/\/yoast.com\/product\/yoast-seo-wordpress\/ -->\n<title>Licenciatura econom\u00eda | Universidad de Cienfuegos<\/title>\n<meta name=\"robots\" content=\"index, follow, max-snippet:-1, max-image-preview:large, max-video-preview:-1\" \/>\n<link rel=\"canonical\" href=\"https:\/\/www.ucf.edu.cu\/?page_id=2046\" \/>\n<meta property=\"og:locale\" content=\"es_ES\" \/>\n<meta property=\"og:type\" content=\"article\" \/>\n<meta property=\"og:title\" content=\"Licenciatura econom\u00eda | Universidad de Cienfuegos\" \/>\n<meta property=\"og:description\" content=\"Objeto de trabajo El Licenciado en Econom\u00eda tiene como objeto y centro de an\u00e1lisis el proceso de construcci\u00f3n de las Relaciones Sociales de Producci\u00f3n Socialistas y la reproducci\u00f3n del sujeto social. ElLeer m\u00e1s...\" \/>\n<meta property=\"og:url\" content=\"https:\/\/www.ucf.edu.cu\/?page_id=2046\" \/>\n<meta property=\"og:site_name\" content=\"Universidad de Cienfuegos\" \/>\n<meta property=\"article:publisher\" content=\"https:\/\/www.facebook.com\/ucfgos\/\" \/>\n<meta property=\"article:modified_time\" content=\"2019-04-24T19:41:01+00:00\" \/>\n<meta property=\"og:image\" content=\"https:\/\/www.ucf.edu.cu\/wp-content\/uploads\/2024\/01\/Logo_UCf-scaled-1.jpg\" \/>\n\t<meta property=\"og:image:width\" content=\"2560\" \/>\n\t<meta property=\"og:image:height\" content=\"951\" \/>\n\t<meta property=\"og:image:type\" content=\"image\/jpeg\" \/>\n<meta name=\"twitter:card\" content=\"summary_large_image\" \/>\n<meta name=\"twitter:site\" content=\"@ucfgos\" \/>\n<meta name=\"twitter:label1\" content=\"Tiempo de lectura\" \/>\n\t<meta name=\"twitter:data1\" content=\"2 minutos\" \/>\n<script type=\"application\/ld+json\" class=\"yoast-schema-graph\">{\"@context\":\"https:\\\/\\\/schema.org\",\"@graph\":[{\"@type\":\"WebPage\",\"@id\":\"https:\\\/\\\/www.ucf.edu.cu\\\/?page_id=2046\",\"url\":\"https:\\\/\\\/www.ucf.edu.cu\\\/?page_id=2046\",\"name\":\"Licenciatura econom\u00eda | Universidad de Cienfuegos\",\"isPartOf\":{\"@id\":\"https:\\\/\\\/www.ucf.edu.cu\\\/#website\"},\"datePublished\":\"2019-04-24T19:40:03+00:00\",\"dateModified\":\"2019-04-24T19:41:01+00:00\",\"breadcrumb\":{\"@id\":\"https:\\\/\\\/www.ucf.edu.cu\\\/?page_id=2046#breadcrumb\"},\"inLanguage\":\"es\",\"potentialAction\":[{\"@type\":\"ReadAction\",\"target\":[\"https:\\\/\\\/www.ucf.edu.cu\\\/?page_id=2046\"]}]},{\"@type\":\"BreadcrumbList\",\"@id\":\"https:\\\/\\\/www.ucf.edu.cu\\\/?page_id=2046#breadcrumb\",\"itemListElement\":[{\"@type\":\"ListItem\",\"position\":1,\"name\":\"Portada\",\"item\":\"https:\\\/\\\/www.ucf.edu.cu\\\/\"},{\"@type\":\"ListItem\",\"position\":2,\"name\":\"Licenciatura en Econom\u00eda\"}]},{\"@type\":\"WebSite\",\"@id\":\"https:\\\/\\\/www.ucf.edu.cu\\\/#website\",\"url\":\"https:\\\/\\\/www.ucf.edu.cu\\\/\",\"name\":\"Universidad de Cienfuegos\",\"description\":\"Portal Web Universidad de Cienfuegos\",\"publisher\":{\"@id\":\"https:\\\/\\\/www.ucf.edu.cu\\\/#organization\"},\"alternateName\":\"Portal institucional de la UCf\",\"potentialAction\":[{\"@type\":\"SearchAction\",\"target\":{\"@type\":\"EntryPoint\",\"urlTemplate\":\"https:\\\/\\\/www.ucf.edu.cu\\\/?s={search_term_string}\"},\"query-input\":{\"@type\":\"PropertyValueSpecification\",\"valueRequired\":true,\"valueName\":\"search_term_string\"}}],\"inLanguage\":\"es\"},{\"@type\":\"Organization\",\"@id\":\"https:\\\/\\\/www.ucf.edu.cu\\\/#organization\",\"name\":\"Universidad de Cienfuegos\",\"url\":\"https:\\\/\\\/www.ucf.edu.cu\\\/\",\"logo\":{\"@type\":\"ImageObject\",\"inLanguage\":\"es\",\"@id\":\"https:\\\/\\\/www.ucf.edu.cu\\\/#\\\/schema\\\/logo\\\/image\\\/\",\"url\":\"https:\\\/\\\/www.ucf.edu.cu\\\/wp-content\\\/uploads\\\/2020\\\/11\\\/fe77b047cf65bbf66915926fa3c00c93_L.jpg\",\"contentUrl\":\"https:\\\/\\\/www.ucf.edu.cu\\\/wp-content\\\/uploads\\\/2020\\\/11\\\/fe77b047cf65bbf66915926fa3c00c93_L.jpg\",\"width\":1000,\"height\":763,\"caption\":\"Universidad de Cienfuegos\"},\"image\":{\"@id\":\"https:\\\/\\\/www.ucf.edu.cu\\\/#\\\/schema\\\/logo\\\/image\\\/\"},\"sameAs\":[\"https:\\\/\\\/www.facebook.com\\\/ucfgos\\\/\",\"https:\\\/\\\/x.com\\\/ucfgos\",\"https:\\\/\\\/www.instagram.com\\\/ucfgos\",\"https:\\\/\\\/www.youtube.com\\\/channel\\\/UCymAZYZHmPzh48cHLG6Nx4A\"]}]}<\/script>\n<!-- \/ Yoast SEO plugin. -->","yoast_head_json":{"title":"Licenciatura econom\u00eda | Universidad de Cienfuegos","robots":{"index":"index","follow":"follow","max-snippet":"max-snippet:-1","max-image-preview":"max-image-preview:large","max-video-preview":"max-video-preview:-1"},"canonical":"https:\/\/www.ucf.edu.cu\/?page_id=2046","og_locale":"es_ES","og_type":"article","og_title":"Licenciatura econom\u00eda | Universidad de Cienfuegos","og_description":"Objeto de trabajo El Licenciado en Econom\u00eda tiene como objeto y centro de an\u00e1lisis el proceso de construcci\u00f3n de las Relaciones Sociales de Producci\u00f3n Socialistas y la reproducci\u00f3n del sujeto social. ElLeer m\u00e1s...","og_url":"https:\/\/www.ucf.edu.cu\/?page_id=2046","og_site_name":"Universidad de Cienfuegos","article_publisher":"https:\/\/www.facebook.com\/ucfgos\/","article_modified_time":"2019-04-24T19:41:01+00:00","og_image":[{"width":2560,"height":951,"url":"https:\/\/www.ucf.edu.cu\/wp-content\/uploads\/2024\/01\/Logo_UCf-scaled-1.jpg","type":"image\/jpeg"}],"twitter_card":"summary_large_image","twitter_site":"@ucfgos","twitter_misc":{"Tiempo de lectura":"2 minutos"},"schema":{"@context":"https:\/\/schema.org","@graph":[{"@type":"WebPage","@id":"https:\/\/www.ucf.edu.cu\/?page_id=2046","url":"https:\/\/www.ucf.edu.cu\/?page_id=2046","name":"Licenciatura econom\u00eda | Universidad de Cienfuegos","isPartOf":{"@id":"https:\/\/www.ucf.edu.cu\/#website"},"datePublished":"2019-04-24T19:40:03+00:00","dateModified":"2019-04-24T19:41:01+00:00","breadcrumb":{"@id":"https:\/\/www.ucf.edu.cu\/?page_id=2046#breadcrumb"},"inLanguage":"es","potentialAction":[{"@type":"ReadAction","target":["https:\/\/www.ucf.edu.cu\/?page_id=2046"]}]},{"@type":"BreadcrumbList","@id":"https:\/\/www.ucf.edu.cu\/?page_id=2046#breadcrumb","itemListElement":[{"@type":"ListItem","position":1,"name":"Portada","item":"https:\/\/www.ucf.edu.cu\/"},{"@type":"ListItem","position":2,"name":"Licenciatura en Econom\u00eda"}]},{"@type":"WebSite","@id":"https:\/\/www.ucf.edu.cu\/#website","url":"https:\/\/www.ucf.edu.cu\/","name":"Universidad de Cienfuegos","description":"Portal Web Universidad de Cienfuegos","publisher":{"@id":"https:\/\/www.ucf.edu.cu\/#organization"},"alternateName":"Portal institucional de la UCf","potentialAction":[{"@type":"SearchAction","target":{"@type":"EntryPoint","urlTemplate":"https:\/\/www.ucf.edu.cu\/?s={search_term_string}"},"query-input":{"@type":"PropertyValueSpecification","valueRequired":true,"valueName":"search_term_string"}}],"inLanguage":"es"},{"@type":"Organization","@id":"https:\/\/www.ucf.edu.cu\/#organization","name":"Universidad de Cienfuegos","url":"https:\/\/www.ucf.edu.cu\/","logo":{"@type":"ImageObject","inLanguage":"es","@id":"https:\/\/www.ucf.edu.cu\/#\/schema\/logo\/image\/","url":"https:\/\/www.ucf.edu.cu\/wp-content\/uploads\/2020\/11\/fe77b047cf65bbf66915926fa3c00c93_L.jpg","contentUrl":"https:\/\/www.ucf.edu.cu\/wp-content\/uploads\/2020\/11\/fe77b047cf65bbf66915926fa3c00c93_L.jpg","width":1000,"height":763,"caption":"Universidad de Cienfuegos"},"image":{"@id":"https:\/\/www.ucf.edu.cu\/#\/schema\/logo\/image\/"},"sameAs":["https:\/\/www.facebook.com\/ucfgos\/","https:\/\/x.com\/ucfgos","https:\/\/www.instagram.com\/ucfgos","https:\/\/www.youtube.com\/channel\/UCymAZYZHmPzh48cHLG6Nx4A"]}]}},"_links":{"self":[{"href":"https:\/\/www.ucf.edu.cu\/index.php?rest_route=\/wp\/v2\/pages\/2046","targetHints":{"allow":["GET"]}}],"collection":[{"href":"https:\/\/www.ucf.edu.cu\/index.php?rest_route=\/wp\/v2\/pages"}],"about":[{"href":"https:\/\/www.ucf.edu.cu\/index.php?rest_route=\/wp\/v2\/types\/page"}],"author":[{"embeddable":true,"href":"https:\/\/www.ucf.edu.cu\/index.php?rest_route=\/wp\/v2\/users\/6"}],"replies":[{"embeddable":true,"href":"https:\/\/www.ucf.edu.cu\/index.php?rest_route=%2Fwp%2Fv2%2Fcomments&post=2046"}],"version-history":[{"count":2,"href":"https:\/\/www.ucf.edu.cu\/index.php?rest_route=\/wp\/v2\/pages\/2046\/revisions"}],"predecessor-version":[{"id":2050,"href":"https:\/\/www.ucf.edu.cu\/index.php?rest_route=\/wp\/v2\/pages\/2046\/revisions\/2050"}],"wp:attachment":[{"href":"https:\/\/www.ucf.edu.cu\/index.php?rest_route=%2Fwp%2Fv2%2Fmedia&parent=2046"}],"curies":[{"name":"wp","href":"https:\/\/api.w.org\/{rel}","templated":true}]}}