{"id":2079,"date":"2019-04-24T20:06:18","date_gmt":"2019-04-24T20:06:18","guid":{"rendered":"http:\/\/intra.ucf.edu.cu\/?page_id=2079"},"modified":"2019-04-24T20:07:13","modified_gmt":"2019-04-24T20:07:13","slug":"licenciatura-en-estudios-socioculturales","status":"publish","type":"page","link":"https:\/\/www.ucf.edu.cu\/?page_id=2079","title":{"rendered":"Licenciatura en Estudios Socioculturales"},"content":{"rendered":"\t\t<div data-elementor-type=\"wp-page\" data-elementor-id=\"2079\" class=\"elementor elementor-2079\">\n\t\t\t\t\t\t<section class=\"elementor-section elementor-top-section elementor-element elementor-element-69e6da2 elementor-section-boxed elementor-section-height-default elementor-section-height-default\" data-id=\"69e6da2\" data-element_type=\"section\" data-e-type=\"section\">\n\t\t\t\t\t\t<div class=\"elementor-container elementor-column-gap-default\">\n\t\t\t\t\t<div class=\"elementor-column elementor-col-100 elementor-top-column elementor-element elementor-element-52145a6\" data-id=\"52145a6\" data-element_type=\"column\" data-e-type=\"column\">\n\t\t\t<div class=\"elementor-widget-wrap elementor-element-populated\">\n\t\t\t\t\t\t<div class=\"elementor-element elementor-element-f60a55d elementor-widget elementor-widget-text-editor\" data-id=\"f60a55d\" data-element_type=\"widget\" data-e-type=\"widget\" data-widget_type=\"text-editor.default\">\n\t\t\t\t<div class=\"elementor-widget-container\">\n\t\t\t\t\t\t\t\t\t<p><strong>Objeto de trabajo<\/strong><\/p><p>Se centra en los procesos de gesti\u00f3n sociocultural dirigidos a potenciar el desarrollo humano individual y colectivo, a trav\u00e9s de diversas estrategias, proyectos y acciones de car\u00e1cter preferentemente local y comunitario, vinculadas a los programas de desarrollo social.<\/p><p><strong>Modos de Actuaci\u00f3n<\/strong><\/p><p>Implica la capacidad de asesorar, mediar y facilitar los procesos de comprensi\u00f3n, apropiaci\u00f3n y dinamizaci\u00f3n de la cultura y la praxis sociocultural, como recursos de mediaci\u00f3n y de cambio social indispensable en correspondencia con el proyecto social cubano, en el marco de la instancia en la que le corresponda actuar. Lo anterior conlleva a asumir como modos de actuaci\u00f3n la realizaci\u00f3n de acciones profesionales de promoci\u00f3n, animaci\u00f3n, recreaci\u00f3n, aprovechamiento del tiempo libre y la capacitaci\u00f3n, desde la gesti\u00f3n de los recursos socioculturales disponibles, el acompa\u00f1amiento de los procesos de diagn\u00f3stico, dise\u00f1o, aplicaci\u00f3n y evaluaci\u00f3n por parte de los sujetos e instituciones autorizados para ello.<\/p><p><strong>Esferas de Actuaci\u00f3n<\/strong><\/p><p>\u2022 Investigaci\u00f3n sociocultural de territorios y comunidades, especialmente<br \/>aquellas vinculadas a los procesos del desarrollo local y comunitario.<br \/>\u2022 Promoci\u00f3n, Animaci\u00f3n y Gesti\u00f3n de la identidad, sentido de pertenencia y el enriquecimiento de la vida espiritual de las personas.<br \/>\u2022Formaci\u00f3n docente y capacitaci\u00f3n.<\/p><p>\u2022 Asesor\u00edas a instituciones sociales y comunitarias en relaci\u00f3n con la gesti\u00f3n sociocultural del desarrollo local y humano.<\/p><p>\u2022 Acciones de implementaci\u00f3n y evaluaci\u00f3n de pol\u00edticas y servicios p\u00fablicos.<br \/>\u2022 Participaci\u00f3n en procesos de concertaci\u00f3n y mediaci\u00f3n de conflictos sociales y colectivos.<\/p><p>\u2022 Acompa\u00f1amiento e incorporaci\u00f3n profesional activa en procesos dirigidos a incrementar la participaci\u00f3n y el protagonismo de las personas, colectivos y comunidades en la gesti\u00f3n de la soluci\u00f3n de los problemas que los afectan y de su desarrollo colectivo.<\/p>\t\t\t\t\t\t\t\t<\/div>\n\t\t\t\t<\/div>\n\t\t\t\t\t<\/div>\n\t\t<\/div>\n\t\t\t\t\t<\/div>\n\t\t<\/section>\n\t\t\t\t<\/div>\n\t\t","protected":false},"excerpt":{"rendered":"<p>Objeto de trabajo Se centra en los procesos de gesti\u00f3n sociocultural dirigidos a potenciar el desarrollo humano individual y colectivo, a trav\u00e9s de diversas estrategias, proyectos y acciones de car\u00e1cter preferentemente local<a class=\"moretag\" href=\"https:\/\/www.ucf.edu.cu\/?page_id=2079\">Leer m\u00e1s&#8230;<\/a><\/p>\n","protected":false},"author":6,"featured_media":0,"parent":0,"menu_order":0,"comment_status":"closed","ping_status":"closed","template":"page-intra.php","meta":{"footnotes":""},"class_list":["post-2079","page","type-page","status-publish","hentry"],"_links":{"self":[{"href":"https:\/\/www.ucf.edu.cu\/index.php?rest_route=\/wp\/v2\/pages\/2079","targetHints":{"allow":["GET"]}}],"collection":[{"href":"https:\/\/www.ucf.edu.cu\/index.php?rest_route=\/wp\/v2\/pages"}],"about":[{"href":"https:\/\/www.ucf.edu.cu\/index.php?rest_route=\/wp\/v2\/types\/page"}],"author":[{"embeddable":true,"href":"https:\/\/www.ucf.edu.cu\/index.php?rest_route=\/wp\/v2\/users\/6"}],"replies":[{"embeddable":true,"href":"https:\/\/www.ucf.edu.cu\/index.php?rest_route=%2Fwp%2Fv2%2Fcomments&post=2079"}],"version-history":[{"count":2,"href":"https:\/\/www.ucf.edu.cu\/index.php?rest_route=\/wp\/v2\/pages\/2079\/revisions"}],"predecessor-version":[{"id":2081,"href":"https:\/\/www.ucf.edu.cu\/index.php?rest_route=\/wp\/v2\/pages\/2079\/revisions\/2081"}],"wp:attachment":[{"href":"https:\/\/www.ucf.edu.cu\/index.php?rest_route=%2Fwp%2Fv2%2Fmedia&parent=2079"}],"curies":[{"name":"wp","href":"https:\/\/api.w.org\/{rel}","templated":true}]}}

<div data-elementor-type="wp-page" data-elementor-id="2079" class="elementor elementor-2079">
						<section class="elementor-section elementor-top-section elementor-element elementor-element-69e6da2 elementor-section-boxed elementor-section-height-default elementor-section-height-default" data-id="69e6da2" data-element_type="section" data-e-type="section">
						<div class="elementor-container elementor-column-gap-default">
					<div class="elementor-column elementor-col-100 elementor-top-column elementor-element elementor-element-52145a6" data-id="52145a6" data-element_type="column" data-e-type="column">
			<div class="elementor-widget-wrap elementor-element-populated">
						<div class="elementor-element elementor-element-f60a55d elementor-widget elementor-widget-text-editor" data-id="f60a55d" data-element_type="widget" data-e-type="widget" data-widget_type="text-editor.default">
				<div class="elementor-widget-container">
									<p><strong>Objeto de trabajo</strong></p><p>Se centra en los procesos de gestión sociocultural dirigidos a potenciar el desarrollo humano individual y colectivo, a través de diversas estrategias, proyectos y acciones de carácter preferentemente local y comunitario, vinculadas a los programas de desarrollo social.</p><p><strong>Modos de Actuación</strong></p><p>Implica la capacidad de asesorar, mediar y facilitar los procesos de comprensión, apropiación y dinamización de la cultura y la praxis sociocultural, como recursos de mediación y de cambio social indispensable en correspondencia con el proyecto social cubano, en el marco de la instancia en la que le corresponda actuar. Lo anterior conlleva a asumir como modos de actuación la realización de acciones profesionales de promoción, animación, recreación, aprovechamiento del tiempo libre y la capacitación, desde la gestión de los recursos socioculturales disponibles, el acompañamiento de los procesos de diagnóstico, diseño, aplicación y evaluación por parte de los sujetos e instituciones autorizados para ello.</p><p><strong>Esferas de Actuación</strong></p><p>• Investigación sociocultural de territorios y comunidades, especialmente<br />aquellas vinculadas a los procesos del desarrollo local y comunitario.<br />• Promoción, Animación y Gestión de la identidad, sentido de pertenencia y el enriquecimiento de la vida espiritual de las personas.<br />•Formación docente y capacitación.</p><p>• Asesorías a instituciones sociales y comunitarias en relación con la gestión sociocultural del desarrollo local y humano.</p><p>• Acciones de implementación y evaluación de políticas y servicios públicos.<br />• Participación en procesos de concertación y mediación de conflictos sociales y colectivos.</p><p>• Acompañamiento e incorporación profesional activa en procesos dirigidos a incrementar la participación y el protagonismo de las personas, colectivos y comunidades en la gestión de la solución de los problemas que los afectan y de su desarrollo colectivo.</p>								</div>
				</div>
					</div>
		</div>
					</div>
		</section>
				</div>

<p>Objeto de trabajo Se centra en los procesos de gestión sociocultural dirigidos a potenciar el desarrollo humano individual y colectivo, a través de diversas estrategias, proyectos y acciones de carácter preferentemente local<a class="moretag" href="https://www.ucf.edu.cu/?page_id=2079">Leer más&#8230;</a></p>
