{"id":2133,"date":"2019-04-24T20:59:22","date_gmt":"2019-04-24T20:59:22","guid":{"rendered":"http:\/\/intra.ucf.edu.cu\/?page_id=2133"},"modified":"2023-05-31T16:42:40","modified_gmt":"2023-05-31T16:42:40","slug":"maestria-en-producciones-mas-limpias","status":"publish","type":"page","link":"https:\/\/www.ucf.edu.cu\/?page_id=2133","title":{"rendered":"Maestr\u00eda en Producciones M\u00e1s Limpias"},"content":{"rendered":"\t\t<div data-elementor-type=\"wp-page\" data-elementor-id=\"2133\" class=\"elementor elementor-2133\">\n\t\t\t\t\t\t<section class=\"elementor-section elementor-top-section elementor-element elementor-element-e8ea2a1 elementor-section-boxed elementor-section-height-default elementor-section-height-default\" data-id=\"e8ea2a1\" data-element_type=\"section\" data-e-type=\"section\">\n\t\t\t\t\t\t<div class=\"elementor-container elementor-column-gap-default\">\n\t\t\t\t\t<div class=\"elementor-column elementor-col-100 elementor-top-column elementor-element elementor-element-ca283dc\" data-id=\"ca283dc\" data-element_type=\"column\" data-e-type=\"column\">\n\t\t\t<div class=\"elementor-widget-wrap elementor-element-populated\">\n\t\t\t\t\t\t<div class=\"elementor-element elementor-element-e417dc5 elementor-widget elementor-widget-text-editor\" data-id=\"e417dc5\" data-element_type=\"widget\" data-e-type=\"widget\" data-widget_type=\"text-editor.default\">\n\t\t\t\t<div class=\"elementor-widget-container\">\n\t\t\t\t\t\t\t\t\t<p><strong>Maestr\u00eda en Producciones m\u00e1s Limpias.<\/strong><\/p><p><strong>Facultad de Ingenier\u00eda.<\/strong><\/p><p><strong>Duraci\u00f3n:<\/strong> 2 a\u00f1os y 6 meses.<\/p><p><strong>Categor\u00eda de acreditaci\u00f3n:<\/strong> Certificada.<\/p><p><strong>Coordinador:<\/strong> Dr. C. Nelson Arsenio Castro Perdomo.<\/p><p><strong>Correo:<\/strong> <a href=\"mailto:ncastro@ucf.edu.cu\">ncastro@ucf.edu.cu<\/a><\/p><p><strong>Descripci\u00f3n:<\/strong><\/p><p>El Programa de Maestr\u00eda en Producciones m\u00e1s Limpias se inici\u00f3 en el 2009, tiene cuatro ediciones concluidas y cuenta con m\u00e1s de 47 graduados desde su apertura. Fue acreditada en el 2015 por la Junta de Acreditaci\u00f3n Nacional con Evaluaci\u00f3n de Certificada. El enfoque de Producciones m\u00e1s Limpias est\u00e1 encaminado a lo preventivo e integral y su aplicaci\u00f3n tiene como principal prop\u00f3sito maximizar la producci\u00f3n minimizando los costos econ\u00f3micos y ambientales, lo que se logra a trav\u00e9s del uso racional y efectivo de todas las materias primas, la reducci\u00f3n de la emisi\u00f3n de desperdicios en los lugares donde se originan y la b\u00fasqueda de aplicaciones \u00fatiles a los que inevitablemente se generen. La implementaci\u00f3n de una estrategia de Producciones m\u00e1s Limpias tiene un car\u00e1cter eminentemente multidisciplinario y se realiza generalmente por un equipo formado por profesionales de diversos perfiles, que, dirigidos por un profesional con capacidad de liderazgo y conocimientos, los que deben ser capaces de analizar la situaci\u00f3n y generar propuestas de acciones que permitan mejorar el desempe\u00f1o ambiental y econ\u00f3mico. Este programa de Maestr\u00eda en Producciones m\u00e1s Limpias, se dirige a la formaci\u00f3n de especialistas capaces de identificar las potencialidades de aplicaci\u00f3n, proponer y liderar proyectos de investigaci\u00f3n e innovaci\u00f3n tecnol\u00f3gica que permitan mejorar el desempe\u00f1o ambiental y econ\u00f3mico de las entidades tanto empresariales como presupuestadas. El programa propuesto complementar\u00e1 el sistema de formaci\u00f3n de postgrado en la tem\u00e1tica ambiental, ya que formar\u00e1 especialistas con la visi\u00f3n amplia propia del enfoque de Producciones m\u00e1s Limpias y la capacidad de actuar en diversos sectores de la producci\u00f3n y los servicios m\u00e1s all\u00e1 del uso eficiente de la energ\u00eda y del manejo integral de las zonas costeras. Su objetivo se encamina a lograr que los egresados adquieran los conocimientos y desarrollen las habilidades que les permitan: definir y estructurar estrategias de aplicaci\u00f3n de las Producciones m\u00e1s Limpias en el sector de producci\u00f3n y servicios; identificar y evaluar las potencialidades de aplicaci\u00f3n de las Producciones m\u00e1s Limpias en sectores de la producci\u00f3n y los servicios; formular y proponer proyectos de evaluaci\u00f3n de Producciones m\u00e1s Limpias; dirigir equipos de trabajo en proyectos de evaluaci\u00f3n de y promover las buenas pr\u00e1cticas ambientales y las Producciones m\u00e1s Limpias.<\/p><p><strong>Cursos que se imparten:<\/strong><\/p><p>Metodolog\u00eda de la Investigaci\u00f3n Cient\u00edfica, Econom\u00eda Ecol\u00f3gica, Evaluaci\u00f3n de Impacto Ambiental, Desarrollo Sostenible, Producciones m\u00e1s Limpias, Gesti\u00f3n Ambiental, Contaminaci\u00f3n Ambiental, Gesti\u00f3n de Residuos, Ciencia, Tecnolog\u00eda, Sociedad y Ambiente, Aspectos Legales de las Producciones m\u00e1s Limpias, Ecodise\u00f1o, Energ\u00eda y Medioambiente, Tecnolog\u00edas Ambientales, M\u00e9todos Matem\u00e1ticos y Computacionales, Cambio Clim\u00e1tico y Gesti\u00f3n sostenible del Agua.<\/p>\t\t\t\t\t\t\t\t<\/div>\n\t\t\t\t<\/div>\n\t\t\t\t\t<\/div>\n\t\t<\/div>\n\t\t\t\t\t<\/div>\n\t\t<\/section>\n\t\t\t\t<\/div>\n\t\t","protected":false},"excerpt":{"rendered":"<p>Maestr\u00eda en Producciones m\u00e1s Limpias. Facultad de Ingenier\u00eda. Duraci\u00f3n: 2 a\u00f1os y 6 meses. Categor\u00eda de acreditaci\u00f3n: Certificada. Coordinador: Dr. C. Nelson Arsenio Castro Perdomo. Correo: ncastro@ucf.edu.cu Descripci\u00f3n: El Programa de Maestr\u00eda<a class=\"moretag\" href=\"https:\/\/www.ucf.edu.cu\/?page_id=2133\">Leer m\u00e1s&#8230;<\/a><\/p>\n","protected":false},"author":6,"featured_media":0,"parent":0,"menu_order":0,"comment_status":"closed","ping_status":"closed","template":"page-intra.php","meta":{"footnotes":""},"class_list":["post-2133","page","type-page","status-publish","hentry"],"yoast_head":"<!-- This site is optimized with the Yoast SEO plugin v27.3 - https:\/\/yoast.com\/product\/yoast-seo-wordpress\/ -->\n<title>maestria_plimpias<\/title>\n<meta name=\"robots\" content=\"index, follow, max-snippet:-1, max-image-preview:large, max-video-preview:-1\" \/>\n<link rel=\"canonical\" href=\"https:\/\/www.ucf.edu.cu\/?page_id=2133\" \/>\n<meta property=\"og:locale\" content=\"es_ES\" \/>\n<meta property=\"og:type\" content=\"article\" \/>\n<meta property=\"og:title\" content=\"maestria_plimpias\" \/>\n<meta property=\"og:description\" content=\"Maestr\u00eda en Producciones m\u00e1s Limpias. Facultad de Ingenier\u00eda. Duraci\u00f3n: 2 a\u00f1os y 6 meses. Categor\u00eda de acreditaci\u00f3n: Certificada. Coordinador: Dr. C. Nelson Arsenio Castro Perdomo. Correo: ncastro@ucf.edu.cu Descripci\u00f3n: El Programa de Maestr\u00edaLeer m\u00e1s...\" \/>\n<meta property=\"og:url\" content=\"https:\/\/www.ucf.edu.cu\/?page_id=2133\" \/>\n<meta property=\"og:site_name\" content=\"Universidad de Cienfuegos\" \/>\n<meta property=\"article:publisher\" content=\"https:\/\/www.facebook.com\/ucfgos\/\" \/>\n<meta property=\"article:modified_time\" content=\"2023-05-31T16:42:40+00:00\" \/>\n<meta property=\"og:image\" content=\"https:\/\/www.ucf.edu.cu\/wp-content\/uploads\/2024\/01\/Logo_UCf-scaled-1.jpg\" \/>\n\t<meta property=\"og:image:width\" content=\"2560\" \/>\n\t<meta property=\"og:image:height\" content=\"951\" \/>\n\t<meta property=\"og:image:type\" content=\"image\/jpeg\" \/>\n<meta name=\"twitter:card\" content=\"summary_large_image\" \/>\n<meta name=\"twitter:site\" content=\"@ucfgos\" \/>\n<meta name=\"twitter:label1\" content=\"Tiempo de lectura\" \/>\n\t<meta name=\"twitter:data1\" content=\"3 minutos\" \/>\n<script type=\"application\/ld+json\" class=\"yoast-schema-graph\">{\"@context\":\"https:\\\/\\\/schema.org\",\"@graph\":[{\"@type\":\"WebPage\",\"@id\":\"https:\\\/\\\/www.ucf.edu.cu\\\/?page_id=2133\",\"url\":\"https:\\\/\\\/www.ucf.edu.cu\\\/?page_id=2133\",\"name\":\"maestria_plimpias\",\"isPartOf\":{\"@id\":\"https:\\\/\\\/www.ucf.edu.cu\\\/#website\"},\"datePublished\":\"2019-04-24T20:59:22+00:00\",\"dateModified\":\"2023-05-31T16:42:40+00:00\",\"breadcrumb\":{\"@id\":\"https:\\\/\\\/www.ucf.edu.cu\\\/?page_id=2133#breadcrumb\"},\"inLanguage\":\"es\",\"potentialAction\":[{\"@type\":\"ReadAction\",\"target\":[\"https:\\\/\\\/www.ucf.edu.cu\\\/?page_id=2133\"]}]},{\"@type\":\"BreadcrumbList\",\"@id\":\"https:\\\/\\\/www.ucf.edu.cu\\\/?page_id=2133#breadcrumb\",\"itemListElement\":[{\"@type\":\"ListItem\",\"position\":1,\"name\":\"Portada\",\"item\":\"https:\\\/\\\/www.ucf.edu.cu\\\/\"},{\"@type\":\"ListItem\",\"position\":2,\"name\":\"Maestr\u00eda en Producciones M\u00e1s Limpias\"}]},{\"@type\":\"WebSite\",\"@id\":\"https:\\\/\\\/www.ucf.edu.cu\\\/#website\",\"url\":\"https:\\\/\\\/www.ucf.edu.cu\\\/\",\"name\":\"Universidad de Cienfuegos\",\"description\":\"Portal Web Universidad de Cienfuegos\",\"publisher\":{\"@id\":\"https:\\\/\\\/www.ucf.edu.cu\\\/#organization\"},\"alternateName\":\"Portal institucional de la UCf\",\"potentialAction\":[{\"@type\":\"SearchAction\",\"target\":{\"@type\":\"EntryPoint\",\"urlTemplate\":\"https:\\\/\\\/www.ucf.edu.cu\\\/?s={search_term_string}\"},\"query-input\":{\"@type\":\"PropertyValueSpecification\",\"valueRequired\":true,\"valueName\":\"search_term_string\"}}],\"inLanguage\":\"es\"},{\"@type\":\"Organization\",\"@id\":\"https:\\\/\\\/www.ucf.edu.cu\\\/#organization\",\"name\":\"Universidad de Cienfuegos\",\"url\":\"https:\\\/\\\/www.ucf.edu.cu\\\/\",\"logo\":{\"@type\":\"ImageObject\",\"inLanguage\":\"es\",\"@id\":\"https:\\\/\\\/www.ucf.edu.cu\\\/#\\\/schema\\\/logo\\\/image\\\/\",\"url\":\"https:\\\/\\\/www.ucf.edu.cu\\\/wp-content\\\/uploads\\\/2020\\\/11\\\/fe77b047cf65bbf66915926fa3c00c93_L.jpg\",\"contentUrl\":\"https:\\\/\\\/www.ucf.edu.cu\\\/wp-content\\\/uploads\\\/2020\\\/11\\\/fe77b047cf65bbf66915926fa3c00c93_L.jpg\",\"width\":1000,\"height\":763,\"caption\":\"Universidad de Cienfuegos\"},\"image\":{\"@id\":\"https:\\\/\\\/www.ucf.edu.cu\\\/#\\\/schema\\\/logo\\\/image\\\/\"},\"sameAs\":[\"https:\\\/\\\/www.facebook.com\\\/ucfgos\\\/\",\"https:\\\/\\\/x.com\\\/ucfgos\",\"https:\\\/\\\/www.instagram.com\\\/ucfgos\",\"https:\\\/\\\/www.youtube.com\\\/channel\\\/UCymAZYZHmPzh48cHLG6Nx4A\"]}]}<\/script>\n<!-- \/ Yoast SEO plugin. -->","yoast_head_json":{"title":"maestria_plimpias","robots":{"index":"index","follow":"follow","max-snippet":"max-snippet:-1","max-image-preview":"max-image-preview:large","max-video-preview":"max-video-preview:-1"},"canonical":"https:\/\/www.ucf.edu.cu\/?page_id=2133","og_locale":"es_ES","og_type":"article","og_title":"maestria_plimpias","og_description":"Maestr\u00eda en Producciones m\u00e1s Limpias. Facultad de Ingenier\u00eda. Duraci\u00f3n: 2 a\u00f1os y 6 meses. Categor\u00eda de acreditaci\u00f3n: Certificada. Coordinador: Dr. C. Nelson Arsenio Castro Perdomo. Correo: ncastro@ucf.edu.cu Descripci\u00f3n: El Programa de Maestr\u00edaLeer m\u00e1s...","og_url":"https:\/\/www.ucf.edu.cu\/?page_id=2133","og_site_name":"Universidad de Cienfuegos","article_publisher":"https:\/\/www.facebook.com\/ucfgos\/","article_modified_time":"2023-05-31T16:42:40+00:00","og_image":[{"width":2560,"height":951,"url":"https:\/\/www.ucf.edu.cu\/wp-content\/uploads\/2024\/01\/Logo_UCf-scaled-1.jpg","type":"image\/jpeg"}],"twitter_card":"summary_large_image","twitter_site":"@ucfgos","twitter_misc":{"Tiempo de lectura":"3 minutos"},"schema":{"@context":"https:\/\/schema.org","@graph":[{"@type":"WebPage","@id":"https:\/\/www.ucf.edu.cu\/?page_id=2133","url":"https:\/\/www.ucf.edu.cu\/?page_id=2133","name":"maestria_plimpias","isPartOf":{"@id":"https:\/\/www.ucf.edu.cu\/#website"},"datePublished":"2019-04-24T20:59:22+00:00","dateModified":"2023-05-31T16:42:40+00:00","breadcrumb":{"@id":"https:\/\/www.ucf.edu.cu\/?page_id=2133#breadcrumb"},"inLanguage":"es","potentialAction":[{"@type":"ReadAction","target":["https:\/\/www.ucf.edu.cu\/?page_id=2133"]}]},{"@type":"BreadcrumbList","@id":"https:\/\/www.ucf.edu.cu\/?page_id=2133#breadcrumb","itemListElement":[{"@type":"ListItem","position":1,"name":"Portada","item":"https:\/\/www.ucf.edu.cu\/"},{"@type":"ListItem","position":2,"name":"Maestr\u00eda en Producciones M\u00e1s Limpias"}]},{"@type":"WebSite","@id":"https:\/\/www.ucf.edu.cu\/#website","url":"https:\/\/www.ucf.edu.cu\/","name":"Universidad de Cienfuegos","description":"Portal Web Universidad de Cienfuegos","publisher":{"@id":"https:\/\/www.ucf.edu.cu\/#organization"},"alternateName":"Portal institucional de la UCf","potentialAction":[{"@type":"SearchAction","target":{"@type":"EntryPoint","urlTemplate":"https:\/\/www.ucf.edu.cu\/?s={search_term_string}"},"query-input":{"@type":"PropertyValueSpecification","valueRequired":true,"valueName":"search_term_string"}}],"inLanguage":"es"},{"@type":"Organization","@id":"https:\/\/www.ucf.edu.cu\/#organization","name":"Universidad de Cienfuegos","url":"https:\/\/www.ucf.edu.cu\/","logo":{"@type":"ImageObject","inLanguage":"es","@id":"https:\/\/www.ucf.edu.cu\/#\/schema\/logo\/image\/","url":"https:\/\/www.ucf.edu.cu\/wp-content\/uploads\/2020\/11\/fe77b047cf65bbf66915926fa3c00c93_L.jpg","contentUrl":"https:\/\/www.ucf.edu.cu\/wp-content\/uploads\/2020\/11\/fe77b047cf65bbf66915926fa3c00c93_L.jpg","width":1000,"height":763,"caption":"Universidad de Cienfuegos"},"image":{"@id":"https:\/\/www.ucf.edu.cu\/#\/schema\/logo\/image\/"},"sameAs":["https:\/\/www.facebook.com\/ucfgos\/","https:\/\/x.com\/ucfgos","https:\/\/www.instagram.com\/ucfgos","https:\/\/www.youtube.com\/channel\/UCymAZYZHmPzh48cHLG6Nx4A"]}]}},"_links":{"self":[{"href":"https:\/\/www.ucf.edu.cu\/index.php?rest_route=\/wp\/v2\/pages\/2133","targetHints":{"allow":["GET"]}}],"collection":[{"href":"https:\/\/www.ucf.edu.cu\/index.php?rest_route=\/wp\/v2\/pages"}],"about":[{"href":"https:\/\/www.ucf.edu.cu\/index.php?rest_route=\/wp\/v2\/types\/page"}],"author":[{"embeddable":true,"href":"https:\/\/www.ucf.edu.cu\/index.php?rest_route=\/wp\/v2\/users\/6"}],"replies":[{"embeddable":true,"href":"https:\/\/www.ucf.edu.cu\/index.php?rest_route=%2Fwp%2Fv2%2Fcomments&post=2133"}],"version-history":[{"count":6,"href":"https:\/\/www.ucf.edu.cu\/index.php?rest_route=\/wp\/v2\/pages\/2133\/revisions"}],"predecessor-version":[{"id":13121,"href":"https:\/\/www.ucf.edu.cu\/index.php?rest_route=\/wp\/v2\/pages\/2133\/revisions\/13121"}],"wp:attachment":[{"href":"https:\/\/www.ucf.edu.cu\/index.php?rest_route=%2Fwp%2Fv2%2Fmedia&parent=2133"}],"curies":[{"name":"wp","href":"https:\/\/api.w.org\/{rel}","templated":true}]}}