{"id":495,"date":"2019-02-18T16:18:22","date_gmt":"2019-02-18T16:18:22","guid":{"rendered":"http:\/\/intra.ucf.edu.cu\/?page_id=495"},"modified":"2023-03-07T17:05:09","modified_gmt":"2023-03-07T17:05:09","slug":"historia","status":"publish","type":"page","link":"https:\/\/www.ucf.edu.cu\/?page_id=495","title":{"rendered":"Historia"},"content":{"rendered":"\t\t<div data-elementor-type=\"wp-page\" data-elementor-id=\"495\" class=\"elementor elementor-495\">\n\t\t\t\t\t\t<section class=\"elementor-section elementor-top-section elementor-element elementor-element-0ec529b elementor-section-boxed elementor-section-height-default elementor-section-height-default\" data-id=\"0ec529b\" data-element_type=\"section\" data-e-type=\"section\">\n\t\t\t\t\t\t<div class=\"elementor-container elementor-column-gap-default\">\n\t\t\t\t\t<div class=\"elementor-column elementor-col-100 elementor-top-column elementor-element elementor-element-c4e3fe8\" data-id=\"c4e3fe8\" data-element_type=\"column\" data-e-type=\"column\">\n\t\t\t<div class=\"elementor-widget-wrap elementor-element-populated\">\n\t\t\t\t\t\t<div class=\"elementor-element elementor-element-d84bc11 elementor-widget elementor-widget-text-editor\" data-id=\"d84bc11\" data-element_type=\"widget\" data-e-type=\"widget\" data-widget_type=\"text-editor.default\">\n\t\t\t\t<div class=\"elementor-widget-container\">\n\t\t\t\t\t\t\t\t\t<figure class=\"wp-block-image\">La Educaci\u00f3n Superior revolucionaria en Cienfuegos tiene sus or\u00edgenes en las actividades que la Universidad Central de Las Villas realiz\u00f3 en 1969 como preparaci\u00f3n de la participaci\u00f3n de profesores y estudiantes en la zafra de 1970; a partir de este momento ha existido un proceso de ininterrumpido desarrollo hasta nuestros d\u00edas. En 1971 se iniciaron los estudios de Ingenier\u00eda para trabajadores de la Brigada Comunista de la Construcci\u00f3n y Montaje y la Termoel\u00e9ctrica y comienza el curso diurno para estudiantes de Pedagog\u00eda.\u00a0 En 1972, se crea la Filial Universitaria, la cual, con fecha 6 de diciembre de 1979, se convierte en el Instituto Superior T\u00e9cnico de Cienfuegos; creciendo gradualmente su matr\u00edcula y espectro de carreras con dos facultades: Ingenier\u00eda y Econom\u00eda.\u00a0 Simult\u00e1neamente se desarrollan la Filial Pedag\u00f3gica, la Facultad de Cultura F\u00edsica y la Facultad de Ciencias M\u00e9dicas.<\/figure>\n<p><!-- \/wp:image --><!-- wp:paragraph --><\/p>\n<p><!-- \/wp:paragraph --><!-- wp:paragraph --><\/p>\n<p>Los primeros a\u00f1os de la Universidad cumplieron una vocaci\u00f3n t\u00e9cnica determinada por la necesidad en el territorio de formar especialistas que luego dedicar\u00edan sus esfuerzos al desarrollo del urgente proceso industrial, que se verificar\u00eda en la reci\u00e9n creada provincia de Cienfuegos.\u00a0 Surge entonces el Instituto Superior T\u00e9cnico de Cienfuegos (ISTC).\u00a0\u00a0\u00a0<\/p>\n<p><!-- \/wp:paragraph --><!-- wp:paragraph --><\/p>\n<p>Durante la d\u00e9cda de los 90 el antiguo ISTC fue sometido a un proceso que fue denominado como \u201cintegraci\u00f3n\u201d, caracterizado por la incorporaci\u00f3n de las facultades de Cultura F\u00edsica y la Filial Pedag\u00f3gica; que en lo adelante se subdividir\u00eda a su vez en dos facultades m\u00e1s, la de Educaci\u00f3n Primaria y la de Educaci\u00f3n.<\/p>\n<p><!-- \/wp:paragraph --><!-- wp:paragraph --><\/p>\n<p>En 1991, por acuerdo del Comit\u00e9 Ejecutivo del Consejo de Ministros, las dos primeras entidades se integran en el Instituto Superior T\u00e9cnico de Cienfuegos, que desde entonces asumi\u00f3 los siguientes perfiles: T\u00e9cnico, carreras de Ingenier\u00eda Mec\u00e1nica e Industrial, Termoenerg\u00e9tica y Mec\u00e1nica Automotriz; Econ\u00f3mico, Licenciatura en Econom\u00eda y Licenciatura en Contabilidad, Pedag\u00f3gico, Licenciaturas en Ingl\u00e9s, Matem\u00e1tica, Espa\u00f1ol, Qu\u00edmica, Marxismo, Educaci\u00f3n Primaria, Defectolog\u00eda y Preescolar, Deportivo, Licenciatura en Cultura F\u00edsica, Agropecuario, Ingenier\u00eda Agron\u00f3mica en la modalidad de curso para trabajadores, as\u00ed como las Unidades Docentes de 4to y 5to Agronom\u00eda y Veterinaria, Ciencias Sociales: Unidades Docentes de 4to y 5to a\u00f1o de Licenciatura en Derecho.\u00a0 Adem\u00e1s de desarrollar Cursos Libres en varias carreras.\u00a0 Esta situaci\u00f3n conllev\u00f3 a fomentar adem\u00e1s un perfil m\u00e1s diverso y human\u00edstico para el ISTC que lograr\u00eda ser declarado como Universidad en 1994.<\/p>\n<p><!-- \/wp:paragraph --><!-- wp:paragraph --><\/p>\n<p>En 1998, la Universidad de Cienfuegos recibi\u00f3 el honroso nombre de \u201cCarlos Rafael Rodr\u00edguez\u201d.\u00a0<\/p>\n<p><!-- \/wp:paragraph --><!-- wp:paragraph --><\/p>\n<p>Un a\u00f1o despu\u00e9s la Universidad Carlos Rafael Rodr\u00edguez arrib\u00f3 a su XX Aniversario de fundada con la apertura por primera vez en el pa\u00eds de la carrera de Licenciatura en Estudios Socioculturales.<\/p>\n<p><!-- \/wp:paragraph --><!-- wp:paragraph --><\/p>\n<p>Finalizando el curso 99 \u2013 2000, la Universidad alcanza el tercer lugar provincial en la emulaci\u00f3n nacional por el 26 de julio, mientras que en el curso 2000 \u2013 2001 inician su vida acad\u00e9mica dos nuevas Facultades: \u201cCiencias Sociales y Human\u00edsticas\u201d, que incluye a los estudiantes del Curso Preparatorio en Idioma Espa\u00f1ol con los estudiantes caribe\u00f1os y la carrera de Estudios Socioculturales; la otra Facultad es la de Inform\u00e1tica, con la apertura de la carrera del mismo nombre con un grupos de estudiantes.<\/p>\n<p><!-- \/wp:paragraph --><!-- wp:paragraph --><\/p>\n<p>Como parte de la universalizaci\u00f3n de la educaci\u00f3n superior, a partir del a\u00f1o 2003, se crean ocho sedes universitarias, una en cada municipio, en las que se abrieron nuevas carreras de diferentes perfiles, con \u00e9nfasis en las humanidades, la econom\u00eda y las carreras agropecuarias.<\/p>\n<p><!-- \/wp:paragraph --><!-- wp:paragraph --><\/p>\n<p>En el a\u00f1o 2010, como parte del fortalecimiento de la estructura universitaria, se aprueba oficialmente un redimensionamiento de las estructuras y se crea la Facultad de Ciencias Agrarias, lo cual respondi\u00f3 a la prioridad de la problem\u00e1tica agropecuaria del pa\u00eds.<\/p>\n<p><!-- \/wp:paragraph --><!-- wp:paragraph --><\/p>\n<p>Dentro de su sistema de trabajo de ciencia, innovaci\u00f3n y postgrado, la Universidad cont\u00f3 hasta el cierre del curso 2010\/2011 con cinco centros de estudios aprobados como forma organizativa de la educaci\u00f3n superior para potenciar \u00e1reas estrat\u00e9gicas en la investigaci\u00f3n, la innovaci\u00f3n y el postgrado. Los \u00a0centros de estudios se crean en las l\u00edneas de investigaci\u00f3n relacionadas con la energ\u00eda y el medio ambiente, la oleohidr\u00e1ulica y la neum\u00e1tica, la mec\u00e1nica aplicada, la did\u00e1ctica y direcci\u00f3n de la educaci\u00f3n superior, los estudios socioculturales y la transformaci\u00f3n agraria sostenible.<\/p>\n<p><!-- \/wp:paragraph --><!-- wp:paragraph --><\/p>\n<p>El curso 2011\/2012 comienza con la adopci\u00f3n de una nueva estructura universitaria. Se unifican las facultades de Inform\u00e1tica e Ingenier\u00eda Mec\u00e1nica, as\u00ed como el Centro de Estudios de la Oleohidr\u00e1ulica y la Neum\u00e1tica (CEDON) y el Departamento de Mec\u00e1nica. La nueva Facultad de Ingenier\u00eda se fortalece e incorpora una nueva perspectiva ingenieril a la Universidad de Cienfuegos.<\/p>\n<p><!-- \/wp:paragraph --><!-- wp:paragraph --><\/p>\n<p>Varios grupos de investigaci\u00f3n \u2013 desarrollo, comienzan a consolidarse desde el a\u00f1o 2010, entre ellos el Grupo de Estudios Avanzados (GEA) y el Grupo de Desarrollo de Tecnolog\u00edas Educativas (DGTED). El Centro de Recursos de Aprendizaje e Investigaci\u00f3n (CRAI) se consolida en el a\u00f1o 2011, dando inicio a una nueva era de la gesti\u00f3n de la informaci\u00f3n y la comunicaci\u00f3n.<\/p>\n<p>Asimismo, los <strong>Centros de Estudios<\/strong> de nuestra instituci\u00f3n, responden a los intereses estrat\u00e9gicos y la demanda social que representan, no solo para la universidad sino tambi\u00e9n para el territorio. Tienen como fin la ejecuci\u00f3n de proyectos de investigaci\u00f3n, innovaci\u00f3n, postgrado y extensi\u00f3n, en \u00e1reas del conocimiento, dan respuesta a los problemas ecol\u00f3gicos, econ\u00f3micos, sociales, tecnol\u00f3gicos y productivos de car\u00e1cter global, nacional, ramal y territorial. Ellos son: <strong>CEEMA<\/strong> (Centro de Estudio de Energ\u00eda y Medio Ambiente), <strong>CESOC<\/strong> (Centro de Estudios Socioculturales), <strong>CEDDES <\/strong>(Centro de Estudio de la Did\u00e1ctica y la Direcci\u00f3n de la Educaci\u00f3n Superior), <strong>CETAS<\/strong> (Centro de Estudio de Transformaci\u00f3n Agraria Sostenible).<\/p>\n<p>Desde el a\u00f1o 2013, el Ministerio de Educaci\u00f3n Superior convoc\u00f3 al pa\u00eds a la\u00a0 integraci\u00f3n de las Universidades de diferentes perfiles en cada territorio. De tal manera se incorporan a la comunidad universitaria de la UCf las anteriores Facultades de Cultura F\u00edsica (octubre 2014), y la Universidad de Ciencias Pedag\u00f3gicas Conrado Ben\u00edtez (septiembre 2015).<\/p>\n<p>La casa de altos estudios asumir\u00eda entonces la designaci\u00f3n de <strong>Universidad de Cienfuegos<\/strong> para referirse a ella de manera general. Sin embargo, la comunidad universitaria, representada por su Consejo de Direcci\u00f3n, envi\u00f3 al MES, en el a\u00f1o 2017, la solicitud de mantener el nombre del intelectual cienfueguero Carlos Rafael Rodr\u00edguez, figura representativa de la provincia y reconocida nacional e internacionalmente por su vinculaci\u00f3n con la pol\u00edtica y la intelectualidad cubana.<\/p>\n<p>A inicios del a\u00f1o 2019 se dio a conocer por el MES la relaci\u00f3n oficial de los nombres, siglas y fechas de fundaci\u00f3n de las instituciones adscriptas a este ministerio, aprobada por el Consejo de Ministros. En tal documento refiere la universidad con el nombre \u201cCarlos Rafael Rodr\u00edguez\u201d, tal como se hab\u00eda sugerido en a\u00f1os anteriores.<\/p>\n<p>Por tanto, y respondiendo a lo antes expuesto, en lo adelante nuestra casa de altos estudios asume como nombre oficial: <strong>Universidad de Cienfuegos <\/strong><strong>\u201c<\/strong><strong>Carlos Rafael Rodr\u00edguez<\/strong><strong>\u201d<\/strong>, y mantiene sus siglas <strong>UCf<\/strong>: U (may\u00fascula), C (may\u00fascula), f (min\u00fascula por formar parte de la palabra Cienfuegos).<\/p>\n<p>En la actualidad la Universidad de Cienfuegos \u00abCarlos Rafael Rodr\u00edguez\u00bb est\u00e1 conformada por siete facultades: <strong>Facultad de Ciencias Sociales, Facultad de<\/strong> <strong>Humanidades, Facultad de Ciencias Agrarias<\/strong><strong>, <\/strong><strong>Facultad de Educaci\u00f3n, Facultad de Ciencias Econ\u00f3micas y Empresariales, Facultad de Ciencias de la Cultura F\u00edsica y el Deporte y Facultad de Ingenier\u00eda.<\/strong><\/p>\t\t\t\t\t\t\t\t<\/div>\n\t\t\t\t<\/div>\n\t\t\t\t\t<\/div>\n\t\t<\/div>\n\t\t\t\t\t<\/div>\n\t\t<\/section>\n\t\t\t\t<\/div>\n\t\t","protected":false},"excerpt":{"rendered":"<p>La Educaci\u00f3n Superior revolucionaria en Cienfuegos tiene sus or\u00edgenes en las actividades que la Universidad Central de Las Villas realiz\u00f3 en 1969 como preparaci\u00f3n de la participaci\u00f3n de profesores y estudiantes en<a class=\"moretag\" href=\"https:\/\/www.ucf.edu.cu\/?page_id=495\">Leer m\u00e1s&#8230;<\/a><\/p>\n","protected":false},"author":1,"featured_media":0,"parent":0,"menu_order":0,"comment_status":"closed","ping_status":"closed","template":"page-intra.php","meta":{"footnotes":""},"class_list":["post-495","page","type-page","status-publish","hentry"],"yoast_head":"<!-- This site is optimized with the Yoast SEO plugin v27.4 - https:\/\/yoast.com\/product\/yoast-seo-wordpress\/ -->\n<title>Historia | Universidad de Cienfuegos<\/title>\n<meta name=\"robots\" content=\"index, follow, max-snippet:-1, max-image-preview:large, max-video-preview:-1\" \/>\n<link rel=\"canonical\" href=\"https:\/\/www.ucf.edu.cu\/?page_id=495\" \/>\n<meta property=\"og:locale\" content=\"es_ES\" \/>\n<meta property=\"og:type\" content=\"article\" \/>\n<meta property=\"og:title\" content=\"Historia | Universidad de Cienfuegos\" \/>\n<meta property=\"og:description\" content=\"La Educaci\u00f3n Superior revolucionaria en Cienfuegos tiene sus or\u00edgenes en las actividades que la Universidad Central de Las Villas realiz\u00f3 en 1969 como preparaci\u00f3n de la participaci\u00f3n de profesores y estudiantes enLeer m\u00e1s...\" \/>\n<meta property=\"og:url\" content=\"https:\/\/www.ucf.edu.cu\/?page_id=495\" \/>\n<meta property=\"og:site_name\" content=\"Universidad de Cienfuegos\" \/>\n<meta property=\"article:publisher\" content=\"https:\/\/www.facebook.com\/ucfgos\/\" \/>\n<meta property=\"article:modified_time\" content=\"2023-03-07T17:05:09+00:00\" \/>\n<meta property=\"og:image\" content=\"https:\/\/www.ucf.edu.cu\/wp-content\/uploads\/2024\/01\/Logo_UCf-scaled-1.jpg\" \/>\n\t<meta property=\"og:image:width\" content=\"2560\" \/>\n\t<meta property=\"og:image:height\" content=\"951\" \/>\n\t<meta property=\"og:image:type\" content=\"image\/jpeg\" \/>\n<meta name=\"twitter:card\" content=\"summary_large_image\" \/>\n<meta name=\"twitter:site\" content=\"@ucfgos\" \/>\n<meta name=\"twitter:label1\" content=\"Tiempo de lectura\" \/>\n\t<meta name=\"twitter:data1\" content=\"6 minutos\" \/>\n<script type=\"application\/ld+json\" class=\"yoast-schema-graph\">{\"@context\":\"https:\\\/\\\/schema.org\",\"@graph\":[{\"@type\":\"WebPage\",\"@id\":\"https:\\\/\\\/www.ucf.edu.cu\\\/?page_id=495\",\"url\":\"https:\\\/\\\/www.ucf.edu.cu\\\/?page_id=495\",\"name\":\"Historia | Universidad de Cienfuegos\",\"isPartOf\":{\"@id\":\"https:\\\/\\\/www.ucf.edu.cu\\\/#website\"},\"datePublished\":\"2019-02-18T16:18:22+00:00\",\"dateModified\":\"2023-03-07T17:05:09+00:00\",\"breadcrumb\":{\"@id\":\"https:\\\/\\\/www.ucf.edu.cu\\\/?page_id=495#breadcrumb\"},\"inLanguage\":\"es\",\"potentialAction\":[{\"@type\":\"ReadAction\",\"target\":[\"https:\\\/\\\/www.ucf.edu.cu\\\/?page_id=495\"]}]},{\"@type\":\"BreadcrumbList\",\"@id\":\"https:\\\/\\\/www.ucf.edu.cu\\\/?page_id=495#breadcrumb\",\"itemListElement\":[{\"@type\":\"ListItem\",\"position\":1,\"name\":\"Portada\",\"item\":\"https:\\\/\\\/www.ucf.edu.cu\\\/\"},{\"@type\":\"ListItem\",\"position\":2,\"name\":\"Historia\"}]},{\"@type\":\"WebSite\",\"@id\":\"https:\\\/\\\/www.ucf.edu.cu\\\/#website\",\"url\":\"https:\\\/\\\/www.ucf.edu.cu\\\/\",\"name\":\"Universidad de Cienfuegos\",\"description\":\"Portal Web Universidad de Cienfuegos\",\"publisher\":{\"@id\":\"https:\\\/\\\/www.ucf.edu.cu\\\/#organization\"},\"alternateName\":\"Portal institucional de la UCf\",\"potentialAction\":[{\"@type\":\"SearchAction\",\"target\":{\"@type\":\"EntryPoint\",\"urlTemplate\":\"https:\\\/\\\/www.ucf.edu.cu\\\/?s={search_term_string}\"},\"query-input\":{\"@type\":\"PropertyValueSpecification\",\"valueRequired\":true,\"valueName\":\"search_term_string\"}}],\"inLanguage\":\"es\"},{\"@type\":\"Organization\",\"@id\":\"https:\\\/\\\/www.ucf.edu.cu\\\/#organization\",\"name\":\"Universidad de Cienfuegos\",\"url\":\"https:\\\/\\\/www.ucf.edu.cu\\\/\",\"logo\":{\"@type\":\"ImageObject\",\"inLanguage\":\"es\",\"@id\":\"https:\\\/\\\/www.ucf.edu.cu\\\/#\\\/schema\\\/logo\\\/image\\\/\",\"url\":\"https:\\\/\\\/www.ucf.edu.cu\\\/wp-content\\\/uploads\\\/2020\\\/11\\\/fe77b047cf65bbf66915926fa3c00c93_L.jpg\",\"contentUrl\":\"https:\\\/\\\/www.ucf.edu.cu\\\/wp-content\\\/uploads\\\/2020\\\/11\\\/fe77b047cf65bbf66915926fa3c00c93_L.jpg\",\"width\":1000,\"height\":763,\"caption\":\"Universidad de Cienfuegos\"},\"image\":{\"@id\":\"https:\\\/\\\/www.ucf.edu.cu\\\/#\\\/schema\\\/logo\\\/image\\\/\"},\"sameAs\":[\"https:\\\/\\\/www.facebook.com\\\/ucfgos\\\/\",\"https:\\\/\\\/x.com\\\/ucfgos\",\"https:\\\/\\\/www.instagram.com\\\/ucfgos\",\"https:\\\/\\\/www.youtube.com\\\/channel\\\/UCymAZYZHmPzh48cHLG6Nx4A\"]}]}<\/script>\n<!-- \/ Yoast SEO plugin. -->","yoast_head_json":{"title":"Historia | Universidad de Cienfuegos","robots":{"index":"index","follow":"follow","max-snippet":"max-snippet:-1","max-image-preview":"max-image-preview:large","max-video-preview":"max-video-preview:-1"},"canonical":"https:\/\/www.ucf.edu.cu\/?page_id=495","og_locale":"es_ES","og_type":"article","og_title":"Historia | Universidad de Cienfuegos","og_description":"La Educaci\u00f3n Superior revolucionaria en Cienfuegos tiene sus or\u00edgenes en las actividades que la Universidad Central de Las Villas realiz\u00f3 en 1969 como preparaci\u00f3n de la participaci\u00f3n de profesores y estudiantes enLeer m\u00e1s...","og_url":"https:\/\/www.ucf.edu.cu\/?page_id=495","og_site_name":"Universidad de Cienfuegos","article_publisher":"https:\/\/www.facebook.com\/ucfgos\/","article_modified_time":"2023-03-07T17:05:09+00:00","og_image":[{"width":2560,"height":951,"url":"https:\/\/www.ucf.edu.cu\/wp-content\/uploads\/2024\/01\/Logo_UCf-scaled-1.jpg","type":"image\/jpeg"}],"twitter_card":"summary_large_image","twitter_site":"@ucfgos","twitter_misc":{"Tiempo de lectura":"6 minutos"},"schema":{"@context":"https:\/\/schema.org","@graph":[{"@type":"WebPage","@id":"https:\/\/www.ucf.edu.cu\/?page_id=495","url":"https:\/\/www.ucf.edu.cu\/?page_id=495","name":"Historia | Universidad de Cienfuegos","isPartOf":{"@id":"https:\/\/www.ucf.edu.cu\/#website"},"datePublished":"2019-02-18T16:18:22+00:00","dateModified":"2023-03-07T17:05:09+00:00","breadcrumb":{"@id":"https:\/\/www.ucf.edu.cu\/?page_id=495#breadcrumb"},"inLanguage":"es","potentialAction":[{"@type":"ReadAction","target":["https:\/\/www.ucf.edu.cu\/?page_id=495"]}]},{"@type":"BreadcrumbList","@id":"https:\/\/www.ucf.edu.cu\/?page_id=495#breadcrumb","itemListElement":[{"@type":"ListItem","position":1,"name":"Portada","item":"https:\/\/www.ucf.edu.cu\/"},{"@type":"ListItem","position":2,"name":"Historia"}]},{"@type":"WebSite","@id":"https:\/\/www.ucf.edu.cu\/#website","url":"https:\/\/www.ucf.edu.cu\/","name":"Universidad de Cienfuegos","description":"Portal Web Universidad de Cienfuegos","publisher":{"@id":"https:\/\/www.ucf.edu.cu\/#organization"},"alternateName":"Portal institucional de la UCf","potentialAction":[{"@type":"SearchAction","target":{"@type":"EntryPoint","urlTemplate":"https:\/\/www.ucf.edu.cu\/?s={search_term_string}"},"query-input":{"@type":"PropertyValueSpecification","valueRequired":true,"valueName":"search_term_string"}}],"inLanguage":"es"},{"@type":"Organization","@id":"https:\/\/www.ucf.edu.cu\/#organization","name":"Universidad de Cienfuegos","url":"https:\/\/www.ucf.edu.cu\/","logo":{"@type":"ImageObject","inLanguage":"es","@id":"https:\/\/www.ucf.edu.cu\/#\/schema\/logo\/image\/","url":"https:\/\/www.ucf.edu.cu\/wp-content\/uploads\/2020\/11\/fe77b047cf65bbf66915926fa3c00c93_L.jpg","contentUrl":"https:\/\/www.ucf.edu.cu\/wp-content\/uploads\/2020\/11\/fe77b047cf65bbf66915926fa3c00c93_L.jpg","width":1000,"height":763,"caption":"Universidad de Cienfuegos"},"image":{"@id":"https:\/\/www.ucf.edu.cu\/#\/schema\/logo\/image\/"},"sameAs":["https:\/\/www.facebook.com\/ucfgos\/","https:\/\/x.com\/ucfgos","https:\/\/www.instagram.com\/ucfgos","https:\/\/www.youtube.com\/channel\/UCymAZYZHmPzh48cHLG6Nx4A"]}]}},"_links":{"self":[{"href":"https:\/\/www.ucf.edu.cu\/index.php?rest_route=\/wp\/v2\/pages\/495","targetHints":{"allow":["GET"]}}],"collection":[{"href":"https:\/\/www.ucf.edu.cu\/index.php?rest_route=\/wp\/v2\/pages"}],"about":[{"href":"https:\/\/www.ucf.edu.cu\/index.php?rest_route=\/wp\/v2\/types\/page"}],"author":[{"embeddable":true,"href":"https:\/\/www.ucf.edu.cu\/index.php?rest_route=\/wp\/v2\/users\/1"}],"replies":[{"embeddable":true,"href":"https:\/\/www.ucf.edu.cu\/index.php?rest_route=%2Fwp%2Fv2%2Fcomments&post=495"}],"version-history":[{"count":23,"href":"https:\/\/www.ucf.edu.cu\/index.php?rest_route=\/wp\/v2\/pages\/495\/revisions"}],"predecessor-version":[{"id":12008,"href":"https:\/\/www.ucf.edu.cu\/index.php?rest_route=\/wp\/v2\/pages\/495\/revisions\/12008"}],"wp:attachment":[{"href":"https:\/\/www.ucf.edu.cu\/index.php?rest_route=%2Fwp%2Fv2%2Fmedia&parent=495"}],"curies":[{"name":"wp","href":"https:\/\/api.w.org\/{rel}","templated":true}]}}