{"id":731,"date":"2019-03-07T15:47:21","date_gmt":"2019-03-07T15:47:21","guid":{"rendered":"http:\/\/intra.ucf.edu.cu\/?page_id=731"},"modified":"2019-05-15T17:46:35","modified_gmt":"2019-05-15T17:46:35","slug":"noticias-ucf","status":"publish","type":"page","link":"https:\/\/www.ucf.edu.cu\/?page_id=731","title":{"rendered":"Noticias UCf"},"content":{"rendered":"\t\t<div data-elementor-type=\"wp-page\" data-elementor-id=\"731\" class=\"elementor elementor-731\">\n\t\t\t\t\t\t<section class=\"elementor-section elementor-top-section elementor-element elementor-element-c5ada7a elementor-section-boxed elementor-section-height-default elementor-section-height-default\" data-id=\"c5ada7a\" data-element_type=\"section\" data-e-type=\"section\">\n\t\t\t\t\t\t<div class=\"elementor-container elementor-column-gap-default\">\n\t\t\t\t\t<div class=\"elementor-column elementor-col-100 elementor-top-column elementor-element elementor-element-6836d38\" data-id=\"6836d38\" data-element_type=\"column\" data-e-type=\"column\">\n\t\t\t<div class=\"elementor-widget-wrap elementor-element-populated\">\n\t\t\t\t\t\t<div class=\"elementor-element elementor-element-7d4f530 elementor-widget elementor-widget-shortcode\" data-id=\"7d4f530\" data-element_type=\"widget\" data-e-type=\"widget\" data-widget_type=\"shortcode.default\">\n\t\t\t\t<div class=\"elementor-widget-container\">\n\t\t\t\t\t\t\t<div class=\"elementor-shortcode\"><style>.wp-show-posts-columns#wpsp-734 {margin-left: -2em; }.wp-show-posts-columns#wpsp-734 .wp-show-posts-inner {margin: 0 0 2em 2em; }<\/style><section id=\"wpsp-734\" class=\" wp-show-posts-columns wp-show-posts\" style=\"\"><article class=\" wp-show-posts-single post-25686 post type-post status-publish format-standard has-post-thumbnail hentry category-noticias wpsp-col-6\" itemtype=\"http:\/\/schema.org\/CreativeWork\" itemscope><div class=\"wp-show-posts-inner\" style=\"\">\t\t<div class=\"wp-show-posts-image  wpsp-image-left \">\n\t\t\t<a href=\"https:\/\/www.ucf.edu.cu\/?p=25686\"  title=\"Dos Universos no tan Distantes\">\t\t\t\t\t<img decoding=\"async\" src=\"https:\/\/www.ucf.edu.cu\/wp-content\/uploads\/2026\/05\/WhatsApp-Image-2026-05-04-at-2.08.57-PM-1-450x250.jpeg\" alt=\"Dos Universos no tan Distantes\" itemprop=\"image\" class=\"left\" \/>\n\t\t\t\t<\/a>\t\t<\/div>\n\t\t\t\t\t\t\t\t<header class=\"wp-show-posts-entry-header\">\n\t\t\t\t\t\t\t<p class=\"wp-show-posts-entry-title\" itemprop=\"headline\"><a href=\"https:\/\/www.ucf.edu.cu\/?p=25686\" rel=\"bookmark\">Dos Universos no tan Distantes<\/a><\/p><div class=\"wp-show-posts-entry-meta wp-show-posts-entry-meta-below-title post-meta-inline\"><span class=\"wp-show-posts-posted-on wp-show-posts-meta\">\n\t\t\t\t\t<a href=\"https:\/\/www.ucf.edu.cu\/?p=25686\" title=\"12:52 pm\" rel=\"bookmark\"><time class=\"wp-show-posts-entry-date published\" datetime=\"2026-05-07T12:52:40+00:00\" itemprop=\"datePublished\">7 mayo, 2026<\/time><time class=\"wp-show-posts-updated\" datetime=\"2026-05-07T20:07:20+00:00\" itemprop=\"dateModified\">7 mayo, 2026<\/time><\/a>\n\t\t\t\t<\/span><\/div>\t\t\t\t\t\t<\/header><!-- .entry-header -->\n\t\t\t\t\t\t\t\t\t\t\t<div class=\"wp-show-posts-entry-summary\" itemprop=\"text\">\n\t\t\t\t\t\t\t<p>En la sociedad contempor\u00e1nea, muchas mujeres enfrentan la doble labor de desempe\u00f1arse como profesionales y, al mismo tiempo, como madres&#8230;.<\/p>\n\t\t\t\t\t\t<\/div><!-- .entry-summary -->\n\t\t\t\t\t<\/div><!-- wp-show-posts-inner --><\/article><article class=\" wp-show-posts-single post-25680 post type-post status-publish format-standard has-post-thumbnail hentry category-noticias wpsp-col-6\" itemtype=\"http:\/\/schema.org\/CreativeWork\" itemscope><div class=\"wp-show-posts-inner\" style=\"\">\t\t<div class=\"wp-show-posts-image  wpsp-image-left \">\n\t\t\t<a href=\"https:\/\/www.ucf.edu.cu\/?p=25680\"  title=\"Fidel en el siglo XXI: una br\u00fajula ante los nuevos desaf\u00edos\">\t\t\t\t\t<img decoding=\"async\" src=\"https:\/\/www.ucf.edu.cu\/wp-content\/uploads\/2026\/05\/Fidel-en-el-siglo-XXI-una-brujula-ante-los-nuevos-desafios-1-450x250.jpg\" alt=\"Fidel en el siglo XXI: una br\u00fajula ante los nuevos desaf\u00edos\" itemprop=\"image\" class=\"left\" \/>\n\t\t\t\t<\/a>\t\t<\/div>\n\t\t\t\t\t\t\t\t<header class=\"wp-show-posts-entry-header\">\n\t\t\t\t\t\t\t<p class=\"wp-show-posts-entry-title\" itemprop=\"headline\"><a href=\"https:\/\/www.ucf.edu.cu\/?p=25680\" rel=\"bookmark\">Fidel en el siglo XXI: una br\u00fajula ante los nuevos desaf\u00edos<\/a><\/p><div class=\"wp-show-posts-entry-meta wp-show-posts-entry-meta-below-title post-meta-inline\"><span class=\"wp-show-posts-posted-on wp-show-posts-meta\">\n\t\t\t\t\t<a href=\"https:\/\/www.ucf.edu.cu\/?p=25680\" title=\"12:45 pm\" rel=\"bookmark\"><time class=\"wp-show-posts-entry-date published\" datetime=\"2026-05-07T12:45:55+00:00\" itemprop=\"datePublished\">7 mayo, 2026<\/time><time class=\"wp-show-posts-updated\" datetime=\"2026-05-07T12:47:32+00:00\" itemprop=\"dateModified\">7 mayo, 2026<\/time><\/a>\n\t\t\t\t<\/span><\/div>\t\t\t\t\t\t<\/header><!-- .entry-header -->\n\t\t\t\t\t\t\t\t\t\t\t<div class=\"wp-show-posts-entry-summary\" itemprop=\"text\">\n\t\t\t\t\t\t\t<p>A m\u00e1s de dos d\u00e9cadas del nuevo milenio, la figura de Fidel Castro Ruz sigue siendo mucho m\u00e1s que un&#8230;<\/p>\n\t\t\t\t\t\t<\/div><!-- .entry-summary -->\n\t\t\t\t\t<\/div><!-- wp-show-posts-inner --><\/article><article class=\" wp-show-posts-single post-25633 post type-post status-publish format-standard has-post-thumbnail hentry category-noticias wpsp-col-6\" itemtype=\"http:\/\/schema.org\/CreativeWork\" itemscope><div class=\"wp-show-posts-inner\" style=\"\">\t\t<div class=\"wp-show-posts-image  wpsp-image-left \">\n\t\t\t<a href=\"https:\/\/www.ucf.edu.cu\/?p=25633\"  title=\"\u00a1Lleg\u00f3 mayo! Y con \u00e9l, una serie muy especial dedicada a quienes son inspiraci\u00f3n todos los d\u00edas\">\t\t\t\t\t<img decoding=\"async\" src=\"https:\/\/www.ucf.edu.cu\/wp-content\/uploads\/2026\/05\/WhatsApp-Image-2026-05-04-at-2.08.57-PM-450x250.jpeg\" alt=\"\u00a1Lleg\u00f3 mayo! Y con \u00e9l, una serie muy especial dedicada a quienes son inspiraci\u00f3n todos los d\u00edas\" itemprop=\"image\" class=\"left\" \/>\n\t\t\t\t<\/a>\t\t<\/div>\n\t\t\t\t\t\t\t\t<header class=\"wp-show-posts-entry-header\">\n\t\t\t\t\t\t\t<p class=\"wp-show-posts-entry-title\" itemprop=\"headline\"><a href=\"https:\/\/www.ucf.edu.cu\/?p=25633\" rel=\"bookmark\">\u00a1Lleg\u00f3 mayo! Y con \u00e9l, una serie muy especial dedicada a quienes son inspiraci\u00f3n todos los d\u00edas<\/a><\/p><div class=\"wp-show-posts-entry-meta wp-show-posts-entry-meta-below-title post-meta-inline\"><span class=\"wp-show-posts-posted-on wp-show-posts-meta\">\n\t\t\t\t\t<a href=\"https:\/\/www.ucf.edu.cu\/?p=25633\" title=\"2:01 pm\" rel=\"bookmark\"><time class=\"wp-show-posts-entry-date published\" datetime=\"2026-05-04T14:01:39+00:00\" itemprop=\"datePublished\">4 mayo, 2026<\/time><time class=\"wp-show-posts-updated\" datetime=\"2026-05-04T14:03:02+00:00\" itemprop=\"dateModified\">4 mayo, 2026<\/time><\/a>\n\t\t\t\t<\/span><\/div>\t\t\t\t\t\t<\/header><!-- .entry-header -->\n\t\t\t\t\t\t\t\t\t\t\t<div class=\"wp-show-posts-entry-summary\" itemprop=\"text\">\n\t\t\t\t\t\t\t<p>\u00a1Lleg\u00f3 mayo! Y con \u00e9l, una serie muy especial dedicada a quienes son inspiraci\u00f3n todos los d\u00edas\u00a0 A las que&#8230;<\/p>\n\t\t\t\t\t\t<\/div><!-- .entry-summary -->\n\t\t\t\t\t<\/div><!-- wp-show-posts-inner --><\/article><article class=\" wp-show-posts-single post-25627 post type-post status-publish format-standard has-post-thumbnail hentry category-noticias wpsp-col-6\" itemtype=\"http:\/\/schema.org\/CreativeWork\" itemscope><div class=\"wp-show-posts-inner\" style=\"\">\t\t<div class=\"wp-show-posts-image  wpsp-image-left \">\n\t\t\t<a href=\"https:\/\/www.ucf.edu.cu\/?p=25627\"  title=\"Baluja Garc\u00eda: \u201cVamos a salir victoriosos\u201d\">\t\t\t\t\t<img decoding=\"async\" src=\"https:\/\/www.ucf.edu.cu\/wp-content\/uploads\/2026\/05\/image17-450x250.png\" alt=\"Baluja Garc\u00eda: \u201cVamos a salir victoriosos\u201d\" itemprop=\"image\" class=\"left\" \/>\n\t\t\t\t<\/a>\t\t<\/div>\n\t\t\t\t\t\t\t\t<header class=\"wp-show-posts-entry-header\">\n\t\t\t\t\t\t\t<p class=\"wp-show-posts-entry-title\" itemprop=\"headline\"><a href=\"https:\/\/www.ucf.edu.cu\/?p=25627\" rel=\"bookmark\">Baluja Garc\u00eda: \u201cVamos a salir victoriosos\u201d<\/a><\/p><div class=\"wp-show-posts-entry-meta wp-show-posts-entry-meta-below-title post-meta-inline\"><span class=\"wp-show-posts-posted-on wp-show-posts-meta\">\n\t\t\t\t\t<a href=\"https:\/\/www.ucf.edu.cu\/?p=25627\" title=\"12:52 pm\" rel=\"bookmark\"><time class=\"wp-show-posts-entry-date published\" datetime=\"2026-05-04T12:52:48+00:00\" itemprop=\"datePublished\">4 mayo, 2026<\/time><time class=\"wp-show-posts-updated\" datetime=\"2026-05-04T12:54:49+00:00\" itemprop=\"dateModified\">4 mayo, 2026<\/time><\/a>\n\t\t\t\t<\/span><\/div>\t\t\t\t\t\t<\/header><!-- .entry-header -->\n\t\t\t\t\t\t\t\t\t\t\t<div class=\"wp-show-posts-entry-summary\" itemprop=\"text\">\n\t\t\t\t\t\t\t<p>Durante el desfile del Primero de Mayo en la provincia sure\u00f1a, el ministro de Educaci\u00f3n Superior, Walter Baluja Garc\u00eda, reafirm\u00f3&#8230;<\/p>\n\t\t\t\t\t\t<\/div><!-- .entry-summary -->\n\t\t\t\t\t<\/div><!-- wp-show-posts-inner --><\/article><article class=\" wp-show-posts-single post-25617 post type-post status-publish format-standard has-post-thumbnail hentry category-noticias wpsp-col-6\" itemtype=\"http:\/\/schema.org\/CreativeWork\" itemscope><div class=\"wp-show-posts-inner\" style=\"\">\t\t<div class=\"wp-show-posts-image  wpsp-image-left \">\n\t\t\t<a href=\"https:\/\/www.ucf.edu.cu\/?p=25617\"  title=\"Desde la Universidad de Cienfuegos: Mi firma por la Patria\">\t\t\t\t\t<img decoding=\"async\" src=\"https:\/\/www.ucf.edu.cu\/wp-content\/uploads\/2026\/05\/2.3-450x250.jpg\" alt=\"Desde la Universidad de Cienfuegos: Mi firma por la Patria\" itemprop=\"image\" class=\"left\" \/>\n\t\t\t\t<\/a>\t\t<\/div>\n\t\t\t\t\t\t\t\t<header class=\"wp-show-posts-entry-header\">\n\t\t\t\t\t\t\t<p class=\"wp-show-posts-entry-title\" itemprop=\"headline\"><a href=\"https:\/\/www.ucf.edu.cu\/?p=25617\" rel=\"bookmark\">Desde la Universidad de Cienfuegos: Mi firma por la Patria<\/a><\/p><div class=\"wp-show-posts-entry-meta wp-show-posts-entry-meta-below-title post-meta-inline\"><span class=\"wp-show-posts-posted-on wp-show-posts-meta\">\n\t\t\t\t\t<a href=\"https:\/\/www.ucf.edu.cu\/?p=25617\" title=\"3:38 am\" rel=\"bookmark\"><time class=\"wp-show-posts-entry-date published\" datetime=\"2026-05-04T03:38:34+00:00\" itemprop=\"datePublished\">4 mayo, 2026<\/time><time class=\"wp-show-posts-updated\" datetime=\"2026-05-04T03:40:04+00:00\" itemprop=\"dateModified\">4 mayo, 2026<\/time><\/a>\n\t\t\t\t<\/span><\/div>\t\t\t\t\t\t<\/header><!-- .entry-header -->\n\t\t\t\t\t\t\t\t\t\t\t<div class=\"wp-show-posts-entry-summary\" itemprop=\"text\">\n\t\t\t\t\t\t\t<p>Cienfuegos, 27 abr (ACN) Profesores, estudiantes y trabajadores de la Universidad Carlos Rafael Rodr\u00edguez, de la provincia de Cienfuegos, estamparon&#8230;<\/p>\n\t\t\t\t\t\t<\/div><!-- .entry-summary -->\n\t\t\t\t\t<\/div><!-- wp-show-posts-inner --><\/article><article class=\" wp-show-posts-single post-25611 post type-post status-publish format-standard has-post-thumbnail hentry category-noticias wpsp-col-6\" itemtype=\"http:\/\/schema.org\/CreativeWork\" itemscope><div class=\"wp-show-posts-inner\" style=\"\">\t\t<div class=\"wp-show-posts-image  wpsp-image-left \">\n\t\t\t<a href=\"https:\/\/www.ucf.edu.cu\/?p=25611\"  title=\"Ren\u00e9 Sebasti\u00e1n G\u00f3mez Torres: la comunicaci\u00f3n como puente\">\t\t\t\t\t<img decoding=\"async\" src=\"https:\/\/www.ucf.edu.cu\/wp-content\/uploads\/2026\/05\/Rene-Sebastian-Gomez-Torres-la-comunicacion-como-puente-1-450x250.jpg\" alt=\"Ren\u00e9 Sebasti\u00e1n G\u00f3mez Torres: la comunicaci\u00f3n como puente\" itemprop=\"image\" class=\"left\" \/>\n\t\t\t\t<\/a>\t\t<\/div>\n\t\t\t\t\t\t\t\t<header class=\"wp-show-posts-entry-header\">\n\t\t\t\t\t\t\t<p class=\"wp-show-posts-entry-title\" itemprop=\"headline\"><a href=\"https:\/\/www.ucf.edu.cu\/?p=25611\" rel=\"bookmark\">Ren\u00e9 Sebasti\u00e1n G\u00f3mez Torres: la comunicaci\u00f3n como puente<\/a><\/p><div class=\"wp-show-posts-entry-meta wp-show-posts-entry-meta-below-title post-meta-inline\"><span class=\"wp-show-posts-posted-on wp-show-posts-meta\">\n\t\t\t\t\t<a href=\"https:\/\/www.ucf.edu.cu\/?p=25611\" title=\"3:34 am\" rel=\"bookmark\"><time class=\"wp-show-posts-entry-date published\" datetime=\"2026-05-04T03:34:07+00:00\" itemprop=\"datePublished\">4 mayo, 2026<\/time><time class=\"wp-show-posts-updated\" datetime=\"2026-05-04T03:35:43+00:00\" itemprop=\"dateModified\">4 mayo, 2026<\/time><\/a>\n\t\t\t\t<\/span><\/div>\t\t\t\t\t\t<\/header><!-- .entry-header -->\n\t\t\t\t\t\t\t\t\t\t\t<div class=\"wp-show-posts-entry-summary\" itemprop=\"text\">\n\t\t\t\t\t\t\t<p>Hoy desde su palco en el Consejo Provincial de las Artes Esc\u00e9nicas y como uno de los fundadores de la&nbsp;Asociaci\u00f3n&#8230;<\/p>\n\t\t\t\t\t\t<\/div><!-- .entry-summary -->\n\t\t\t\t\t<\/div><!-- wp-show-posts-inner --><\/article><article class=\" wp-show-posts-single post-25605 post type-post status-publish format-standard has-post-thumbnail hentry category-noticias wpsp-col-6\" itemtype=\"http:\/\/schema.org\/CreativeWork\" itemscope><div class=\"wp-show-posts-inner\" style=\"\">\t\t<div class=\"wp-show-posts-image  wpsp-image-left \">\n\t\t\t<a href=\"https:\/\/www.ucf.edu.cu\/?p=25605\"  title=\"El enemigo invisible: por qu\u00e9 debemos tomar conciencia del ruido que nos rodea\">\t\t\t\t\t<img decoding=\"async\" src=\"https:\/\/www.ucf.edu.cu\/wp-content\/uploads\/2026\/05\/images-4-450x250.jpeg\" alt=\"El enemigo invisible: por qu\u00e9 debemos tomar conciencia del ruido que nos rodea\" itemprop=\"image\" class=\"left\" \/>\n\t\t\t\t<\/a>\t\t<\/div>\n\t\t\t\t\t\t\t\t<header class=\"wp-show-posts-entry-header\">\n\t\t\t\t\t\t\t<p class=\"wp-show-posts-entry-title\" itemprop=\"headline\"><a href=\"https:\/\/www.ucf.edu.cu\/?p=25605\" rel=\"bookmark\">El enemigo invisible: por qu\u00e9 debemos tomar conciencia del ruido que nos rodea<\/a><\/p><div class=\"wp-show-posts-entry-meta wp-show-posts-entry-meta-below-title post-meta-inline\"><span class=\"wp-show-posts-posted-on wp-show-posts-meta\">\n\t\t\t\t\t<a href=\"https:\/\/www.ucf.edu.cu\/?p=25605\" title=\"3:31 am\" rel=\"bookmark\"><time class=\"wp-show-posts-entry-date published\" datetime=\"2026-05-04T03:31:11+00:00\" itemprop=\"datePublished\">4 mayo, 2026<\/time><time class=\"wp-show-posts-updated\" datetime=\"2026-05-04T03:32:32+00:00\" itemprop=\"dateModified\">4 mayo, 2026<\/time><\/a>\n\t\t\t\t<\/span><\/div>\t\t\t\t\t\t<\/header><!-- .entry-header -->\n\t\t\t\t\t\t\t\t\t\t\t<div class=\"wp-show-posts-entry-summary\" itemprop=\"text\">\n\t\t\t\t\t\t\t<p>Vivimos rodeados de sonidos. Algunos nos alegran, otros nos informan, pero muchos\u2026 simplemente nos enferman. El ruido \u2013entendido como cualquier&#8230;<\/p>\n\t\t\t\t\t\t<\/div><!-- .entry-summary -->\n\t\t\t\t\t<\/div><!-- wp-show-posts-inner --><\/article><article class=\" wp-show-posts-single post-25599 post type-post status-publish format-standard has-post-thumbnail hentry category-noticias wpsp-col-6\" itemtype=\"http:\/\/schema.org\/CreativeWork\" itemscope><div class=\"wp-show-posts-inner\" style=\"\">\t\t<div class=\"wp-show-posts-image  wpsp-image-left \">\n\t\t\t<a href=\"https:\/\/www.ucf.edu.cu\/?p=25599\"  title=\"Convocan en Cienfuegos a un Primero de Mayo por la unidad y el patriotismo\">\t\t\t\t\t<img decoding=\"async\" src=\"https:\/\/www.ucf.edu.cu\/wp-content\/uploads\/2026\/05\/Primero-de-Mayo-CTC-Cienfuegos--450x250.png\" alt=\"Convocan en Cienfuegos a un Primero de Mayo por la unidad y el patriotismo\" itemprop=\"image\" class=\"left\" \/>\n\t\t\t\t<\/a>\t\t<\/div>\n\t\t\t\t\t\t\t\t<header class=\"wp-show-posts-entry-header\">\n\t\t\t\t\t\t\t<p class=\"wp-show-posts-entry-title\" itemprop=\"headline\"><a href=\"https:\/\/www.ucf.edu.cu\/?p=25599\" rel=\"bookmark\">Convocan en Cienfuegos a un Primero de Mayo por la unidad y el patriotismo<\/a><\/p><div class=\"wp-show-posts-entry-meta wp-show-posts-entry-meta-below-title post-meta-inline\"><span class=\"wp-show-posts-posted-on wp-show-posts-meta\">\n\t\t\t\t\t<a href=\"https:\/\/www.ucf.edu.cu\/?p=25599\" title=\"3:28 am\" rel=\"bookmark\"><time class=\"wp-show-posts-entry-date published\" datetime=\"2026-05-04T03:28:14+00:00\" itemprop=\"datePublished\">4 mayo, 2026<\/time><time class=\"wp-show-posts-updated\" datetime=\"2026-05-04T03:29:55+00:00\" itemprop=\"dateModified\">4 mayo, 2026<\/time><\/a>\n\t\t\t\t<\/span><\/div>\t\t\t\t\t\t<\/header><!-- .entry-header -->\n\t\t\t\t\t\t\t\t\t\t\t<div class=\"wp-show-posts-entry-summary\" itemprop=\"text\">\n\t\t\t\t\t\t\t<p>A la celebraci\u00f3n de una jornada por el Primero de Mayo que demuestre la unidad de los cubanos y su&#8230;<\/p>\n\t\t\t\t\t\t<\/div><!-- .entry-summary -->\n\t\t\t\t\t<\/div><!-- wp-show-posts-inner --><\/article><div class=\"wpsp-clear\"><\/div><\/section><!-- .wp-show-posts --><div class=\"wpsp-load-more\"><span aria-current=\"page\" class=\"page-numbers current\">1<\/span>\n<a class=\"page-numbers\" href=\"https:\/\/www.ucf.edu.cu\/index.php\/?paged=2&#038;rest_route=%2Fwp%2Fv2%2Fpages%2F731\">2<\/a>\n<span class=\"page-numbers dots\">&hellip;<\/span>\n<a class=\"page-numbers\" href=\"https:\/\/www.ucf.edu.cu\/index.php\/?paged=159&#038;rest_route=%2Fwp%2Fv2%2Fpages%2F731\">159<\/a>\n<a class=\"next page-numbers\" href=\"https:\/\/www.ucf.edu.cu\/index.php\/?paged=2&#038;rest_route=%2Fwp%2Fv2%2Fpages%2F731\">Siguiente &rarr;<\/a><\/div><\/div>\n\t\t\t\t\t\t<\/div>\n\t\t\t\t<\/div>\n\t\t\t\t\t<\/div>\n\t\t<\/div>\n\t\t\t\t\t<\/div>\n\t\t<\/section>\n\t\t\t\t<\/div>\n\t\t","protected":false},"excerpt":{"rendered":"","protected":false},"author":1,"featured_media":0,"parent":0,"menu_order":0,"comment_status":"closed","ping_status":"closed","template":"page-intra.php","meta":{"footnotes":""},"class_list":["post-731","page","type-page","status-publish","hentry"],"yoast_head":"<!-- This site is optimized with the Yoast SEO plugin v27.5 - https:\/\/yoast.com\/product\/yoast-seo-wordpress\/ -->\n<title>noticias<\/title>\n<meta name=\"robots\" content=\"index, follow, max-snippet:-1, max-image-preview:large, max-video-preview:-1\" \/>\n<link rel=\"canonical\" href=\"https:\/\/www.ucf.edu.cu\/?page_id=731\" \/>\n<meta property=\"og:locale\" content=\"es_ES\" \/>\n<meta property=\"og:type\" content=\"article\" \/>\n<meta property=\"og:title\" content=\"noticias\" \/>\n<meta property=\"og:url\" content=\"https:\/\/www.ucf.edu.cu\/?page_id=731\" \/>\n<meta property=\"og:site_name\" content=\"Universidad de Cienfuegos\" \/>\n<meta property=\"article:publisher\" content=\"https:\/\/www.facebook.com\/ucfgos\/\" \/>\n<meta property=\"article:modified_time\" content=\"2019-05-15T17:46:35+00:00\" \/>\n<meta property=\"og:image\" content=\"https:\/\/www.ucf.edu.cu\/wp-content\/uploads\/2024\/01\/Logo_UCf-scaled-1.jpg\" \/>\n\t<meta property=\"og:image:width\" content=\"2560\" \/>\n\t<meta property=\"og:image:height\" content=\"951\" \/>\n\t<meta property=\"og:image:type\" content=\"image\/jpeg\" \/>\n<meta name=\"twitter:card\" content=\"summary_large_image\" \/>\n<meta name=\"twitter:site\" content=\"@ucfgos\" \/>\n<script type=\"application\/ld+json\" class=\"yoast-schema-graph\">{\"@context\":\"https:\\\/\\\/schema.org\",\"@graph\":[{\"@type\":\"WebPage\",\"@id\":\"https:\\\/\\\/www.ucf.edu.cu\\\/?page_id=731\",\"url\":\"https:\\\/\\\/www.ucf.edu.cu\\\/?page_id=731\",\"name\":\"noticias\",\"isPartOf\":{\"@id\":\"https:\\\/\\\/www.ucf.edu.cu\\\/#website\"},\"datePublished\":\"2019-03-07T15:47:21+00:00\",\"dateModified\":\"2019-05-15T17:46:35+00:00\",\"breadcrumb\":{\"@id\":\"https:\\\/\\\/www.ucf.edu.cu\\\/?page_id=731#breadcrumb\"},\"inLanguage\":\"es\",\"potentialAction\":[{\"@type\":\"ReadAction\",\"target\":[\"https:\\\/\\\/www.ucf.edu.cu\\\/?page_id=731\"]}]},{\"@type\":\"BreadcrumbList\",\"@id\":\"https:\\\/\\\/www.ucf.edu.cu\\\/?page_id=731#breadcrumb\",\"itemListElement\":[{\"@type\":\"ListItem\",\"position\":1,\"name\":\"Portada\",\"item\":\"https:\\\/\\\/www.ucf.edu.cu\\\/\"},{\"@type\":\"ListItem\",\"position\":2,\"name\":\"Noticias UCf\"}]},{\"@type\":\"WebSite\",\"@id\":\"https:\\\/\\\/www.ucf.edu.cu\\\/#website\",\"url\":\"https:\\\/\\\/www.ucf.edu.cu\\\/\",\"name\":\"Universidad de Cienfuegos\",\"description\":\"Portal Web Universidad de Cienfuegos\",\"publisher\":{\"@id\":\"https:\\\/\\\/www.ucf.edu.cu\\\/#organization\"},\"alternateName\":\"Portal institucional de la UCf\",\"potentialAction\":[{\"@type\":\"SearchAction\",\"target\":{\"@type\":\"EntryPoint\",\"urlTemplate\":\"https:\\\/\\\/www.ucf.edu.cu\\\/?s={search_term_string}\"},\"query-input\":{\"@type\":\"PropertyValueSpecification\",\"valueRequired\":true,\"valueName\":\"search_term_string\"}}],\"inLanguage\":\"es\"},{\"@type\":\"Organization\",\"@id\":\"https:\\\/\\\/www.ucf.edu.cu\\\/#organization\",\"name\":\"Universidad de Cienfuegos\",\"url\":\"https:\\\/\\\/www.ucf.edu.cu\\\/\",\"logo\":{\"@type\":\"ImageObject\",\"inLanguage\":\"es\",\"@id\":\"https:\\\/\\\/www.ucf.edu.cu\\\/#\\\/schema\\\/logo\\\/image\\\/\",\"url\":\"https:\\\/\\\/www.ucf.edu.cu\\\/wp-content\\\/uploads\\\/2020\\\/11\\\/fe77b047cf65bbf66915926fa3c00c93_L.jpg\",\"contentUrl\":\"https:\\\/\\\/www.ucf.edu.cu\\\/wp-content\\\/uploads\\\/2020\\\/11\\\/fe77b047cf65bbf66915926fa3c00c93_L.jpg\",\"width\":1000,\"height\":763,\"caption\":\"Universidad de Cienfuegos\"},\"image\":{\"@id\":\"https:\\\/\\\/www.ucf.edu.cu\\\/#\\\/schema\\\/logo\\\/image\\\/\"},\"sameAs\":[\"https:\\\/\\\/www.facebook.com\\\/ucfgos\\\/\",\"https:\\\/\\\/x.com\\\/ucfgos\",\"https:\\\/\\\/www.instagram.com\\\/ucfgos\",\"https:\\\/\\\/www.youtube.com\\\/channel\\\/UCymAZYZHmPzh48cHLG6Nx4A\"]}]}<\/script>\n<!-- \/ Yoast SEO plugin. -->","yoast_head_json":{"title":"noticias","robots":{"index":"index","follow":"follow","max-snippet":"max-snippet:-1","max-image-preview":"max-image-preview:large","max-video-preview":"max-video-preview:-1"},"canonical":"https:\/\/www.ucf.edu.cu\/?page_id=731","og_locale":"es_ES","og_type":"article","og_title":"noticias","og_url":"https:\/\/www.ucf.edu.cu\/?page_id=731","og_site_name":"Universidad de Cienfuegos","article_publisher":"https:\/\/www.facebook.com\/ucfgos\/","article_modified_time":"2019-05-15T17:46:35+00:00","og_image":[{"width":2560,"height":951,"url":"https:\/\/www.ucf.edu.cu\/wp-content\/uploads\/2024\/01\/Logo_UCf-scaled-1.jpg","type":"image\/jpeg"}],"twitter_card":"summary_large_image","twitter_site":"@ucfgos","schema":{"@context":"https:\/\/schema.org","@graph":[{"@type":"WebPage","@id":"https:\/\/www.ucf.edu.cu\/?page_id=731","url":"https:\/\/www.ucf.edu.cu\/?page_id=731","name":"noticias","isPartOf":{"@id":"https:\/\/www.ucf.edu.cu\/#website"},"datePublished":"2019-03-07T15:47:21+00:00","dateModified":"2019-05-15T17:46:35+00:00","breadcrumb":{"@id":"https:\/\/www.ucf.edu.cu\/?page_id=731#breadcrumb"},"inLanguage":"es","potentialAction":[{"@type":"ReadAction","target":["https:\/\/www.ucf.edu.cu\/?page_id=731"]}]},{"@type":"BreadcrumbList","@id":"https:\/\/www.ucf.edu.cu\/?page_id=731#breadcrumb","itemListElement":[{"@type":"ListItem","position":1,"name":"Portada","item":"https:\/\/www.ucf.edu.cu\/"},{"@type":"ListItem","position":2,"name":"Noticias UCf"}]},{"@type":"WebSite","@id":"https:\/\/www.ucf.edu.cu\/#website","url":"https:\/\/www.ucf.edu.cu\/","name":"Universidad de Cienfuegos","description":"Portal Web Universidad de Cienfuegos","publisher":{"@id":"https:\/\/www.ucf.edu.cu\/#organization"},"alternateName":"Portal institucional de la UCf","potentialAction":[{"@type":"SearchAction","target":{"@type":"EntryPoint","urlTemplate":"https:\/\/www.ucf.edu.cu\/?s={search_term_string}"},"query-input":{"@type":"PropertyValueSpecification","valueRequired":true,"valueName":"search_term_string"}}],"inLanguage":"es"},{"@type":"Organization","@id":"https:\/\/www.ucf.edu.cu\/#organization","name":"Universidad de Cienfuegos","url":"https:\/\/www.ucf.edu.cu\/","logo":{"@type":"ImageObject","inLanguage":"es","@id":"https:\/\/www.ucf.edu.cu\/#\/schema\/logo\/image\/","url":"https:\/\/www.ucf.edu.cu\/wp-content\/uploads\/2020\/11\/fe77b047cf65bbf66915926fa3c00c93_L.jpg","contentUrl":"https:\/\/www.ucf.edu.cu\/wp-content\/uploads\/2020\/11\/fe77b047cf65bbf66915926fa3c00c93_L.jpg","width":1000,"height":763,"caption":"Universidad de Cienfuegos"},"image":{"@id":"https:\/\/www.ucf.edu.cu\/#\/schema\/logo\/image\/"},"sameAs":["https:\/\/www.facebook.com\/ucfgos\/","https:\/\/x.com\/ucfgos","https:\/\/www.instagram.com\/ucfgos","https:\/\/www.youtube.com\/channel\/UCymAZYZHmPzh48cHLG6Nx4A"]}]}},"_links":{"self":[{"href":"https:\/\/www.ucf.edu.cu\/index.php?rest_route=\/wp\/v2\/pages\/731","targetHints":{"allow":["GET"]}}],"collection":[{"href":"https:\/\/www.ucf.edu.cu\/index.php?rest_route=\/wp\/v2\/pages"}],"about":[{"href":"https:\/\/www.ucf.edu.cu\/index.php?rest_route=\/wp\/v2\/types\/page"}],"author":[{"embeddable":true,"href":"https:\/\/www.ucf.edu.cu\/index.php?rest_route=\/wp\/v2\/users\/1"}],"replies":[{"embeddable":true,"href":"https:\/\/www.ucf.edu.cu\/index.php?rest_route=%2Fwp%2Fv2%2Fcomments&post=731"}],"version-history":[{"count":9,"href":"https:\/\/www.ucf.edu.cu\/index.php?rest_route=\/wp\/v2\/pages\/731\/revisions"}],"predecessor-version":[{"id":1461,"href":"https:\/\/www.ucf.edu.cu\/index.php?rest_route=\/wp\/v2\/pages\/731\/revisions\/1461"}],"wp:attachment":[{"href":"https:\/\/www.ucf.edu.cu\/index.php?rest_route=%2Fwp%2Fv2%2Fmedia&parent=731"}],"curies":[{"name":"wp","href":"https:\/\/api.w.org\/{rel}","templated":true}]}}